{"id":60,"date":"2017-11-22T16:28:39","date_gmt":"2017-11-22T15:28:39","guid":{"rendered":"https:\/\/min-pan.krakow.pl\/\/zaklady-i-pracownie\/?page_id=60"},"modified":"2021-12-10T11:11:44","modified_gmt":"2021-12-10T10:11:44","slug":"pracownia-badan-srodowiskowych-i-gospodarki-odpadami","status":"publish","type":"page","link":"https:\/\/min-pan.krakow.pl\/zaklady-i-pracownie\/zaklady\/zaklad-gospodarki-o-obiegu-zamknietym\/pracownia-badan-srodowiskowych-i-gospodarki-odpadami\/","title":{"rendered":"Pracownia Bada\u0144 \u015arodowiskowych i Gospodarki Odpadami"},"content":{"rendered":"<p>Zesp\u00f3\u0142 Pracowni Bada\u0144 \u015arodowiskowych i Gospodarki Odpadami prowadzi badania w zakresie efektywnego gospodarowania odpadami komunalnymi i przemys\u0142owymi oraz badania zagro\u017ce\u0144 \u015brodowiska przyrodniczego zwi\u0105zanego z powstawaniem i sk\u0142adowaniem odpad\u00f3w. Szczeg\u00f3lnym obszarem zainteresowa\u0144 zespo\u0142u jest ocena i prognozowanie zanieczyszcze\u0144 \u015brodowiska wywo\u0142anego dzia\u0142alno\u015bci\u0105 przemys\u0142ow\u0105 i presj\u0105 antropogeniczn\u0105 oraz ocena mo\u017cliwo\u015bci przeciwdzia\u0142ania tym zjawiskom. Pracownia posiada w\u0142asne laboratorium badawcze wyposa\u017cone w aparatur\u0119 specjalistyczn\u0105, umo\u017cliwiaj\u0105ce \u00a0m.in. pob\u00f3r pr\u00f3bek i analiz\u0119 zanieczyszcze\u0144 w materia\u0142ach sta\u0142ych i ciek\u0142ych (gruntu, wody, odpad\u00f3w) oraz oznaczenie \u015bladowych ilo\u015bci rt\u0119ci w \u015bciekach, osadach, ska\u0142ach i paliwach.<\/p>\n<p>Do zada\u0144 pracowni Bada\u0144 \u015arodowiskowych i Gospodarki Odpadami nale\u017cy:<\/p>\n<ul>\n<li>Rozpoznanie, badania i analiza jako\u015bci \u015brodowiska gruntowo- wodnego w warunkach antropopresji:\n<ul>\n<li>Odzia\u0142ywanie czynnych i zamkni\u0119tych obiekt\u00f3w przemys\u0142owych oraz innych miejsc zanieczyszczonych na wody podziemne, powierzchniowe, grunty i gleby,<\/li>\n<li>Monitorowanie obiekt\u00f3w sk\u0142adowania odpad\u00f3w i poszukiwanie parametr\u00f3w charakterystycznych zanieczyszczenia,<\/li>\n<\/ul>\n<\/li>\n<\/ul>\n<ul>\n<li>Zagadnienia gospodarki odpadami:\n<ul>\n<li>Prognozowanie zmian i planowanie system\u00f3w gospodarowania odpadami komunalnymi i przemys\u0142owymi oraz ich oddzia\u0142ywania na \u015brodowisko,<\/li>\n<li>Mo\u017cliwo\u015bci zagospodarowania odpad\u00f3w komunalnych i wydobywczych w procesach odzyskania lub unieszkodliwienia, w tym do cel\u00f3w rekultywacji,<\/li>\n<li>Analiza wytwarzania i zagospodarowania odpad\u00f3w zawieraj\u0105cych azbest<\/li>\n<\/ul>\n<\/li>\n<li>Zamykanie i rekultywacja sk\u0142adowisk odpad\u00f3w komunalnych oraz przemys\u0142owych.<\/li>\n<\/ul>\n<p><\/p>","protected":false},"excerpt":{"rendered":"<p>Zesp\u00f3\u0142 Pracowni Bada\u0144 \u015arodowiskowych i Gospodarki Odpadami prowadzi badania w zakresie efektywnego gospodarowania odpadami komunalnymi i przemys\u0142owymi oraz badania zagro\u017ce\u0144 \u015brodowiska przyrodniczego zwi\u0105zanego z powstawaniem i sk\u0142adowaniem odpad\u00f3w. Szczeg\u00f3lnym obszarem zainteresowa\u0144 zespo\u0142u jest ocena i prognozowanie zanieczyszcze\u0144 \u015brodowiska wywo\u0142anego dzia\u0142alno\u015bci\u0105 przemys\u0142ow\u0105 i presj\u0105 antropogeniczn\u0105 oraz ocena mo\u017cliwo\u015bci przeciwdzia\u0142ania tym zjawiskom. Pracownia posiada w\u0142asne laboratorium badawcze [&hellip;]<\/p>\n","protected":false},"author":1,"featured_media":0,"parent":1092,"menu_order":21,"comment_status":"closed","ping_status":"closed","template":"templates\/template-lab.php","meta":{"footnotes":""},"class_list":["post-60","page","type-page","status-publish","hentry"],"_links":{"self":[{"href":"https:\/\/min-pan.krakow.pl\/zaklady-i-pracownie\/wp-json\/wp\/v2\/pages\/60","targetHints":{"allow":["GET"]}}],"collection":[{"href":"https:\/\/min-pan.krakow.pl\/zaklady-i-pracownie\/wp-json\/wp\/v2\/pages"}],"about":[{"href":"https:\/\/min-pan.krakow.pl\/zaklady-i-pracownie\/wp-json\/wp\/v2\/types\/page"}],"author":[{"embeddable":true,"href":"https:\/\/min-pan.krakow.pl\/zaklady-i-pracownie\/wp-json\/wp\/v2\/users\/1"}],"replies":[{"embeddable":true,"href":"https:\/\/min-pan.krakow.pl\/zaklady-i-pracownie\/wp-json\/wp\/v2\/comments?post=60"}],"version-history":[{"count":5,"href":"https:\/\/min-pan.krakow.pl\/zaklady-i-pracownie\/wp-json\/wp\/v2\/pages\/60\/revisions"}],"predecessor-version":[{"id":1096,"href":"https:\/\/min-pan.krakow.pl\/zaklady-i-pracownie\/wp-json\/wp\/v2\/pages\/60\/revisions\/1096"}],"up":[{"embeddable":true,"href":"https:\/\/min-pan.krakow.pl\/zaklady-i-pracownie\/wp-json\/wp\/v2\/pages\/1092"}],"wp:attachment":[{"href":"https:\/\/min-pan.krakow.pl\/zaklady-i-pracownie\/wp-json\/wp\/v2\/media?parent=60"}],"curies":[{"name":"wp","href":"https:\/\/api.w.org\/{rel}","templated":true}]}}