{"id":40,"date":"2017-11-15T13:29:27","date_gmt":"2017-11-15T12:29:27","guid":{"rendered":"https:\/\/min-pan.krakow.pl\/\/zaklady-i-pracownie\/?page_id=40"},"modified":"2021-12-10T10:46:15","modified_gmt":"2021-12-10T09:46:15","slug":"pracownia-polityki-surowcowej","status":"publish","type":"page","link":"https:\/\/min-pan.krakow.pl\/zaklady-i-pracownie\/zaklady\/zaklad-badan-rynku-surowcowego-i-energetycznego\/pracownia-polityki-surowcowej\/","title":{"rendered":"Pracownia Polityki Surowcowej"},"content":{"rendered":"<p>Pracowni\u0119 Polityki Surowcowej stanowi zesp\u00f3\u0142 specjalist\u00f3w z zakresu analizy strategii zarz\u0105dzania surowcami mineralnymi w kraju i na \u015bwiecie. Pracownicy posiadaj\u0105 kompetencje w zakresie wykonywania due dilligence technicznych, \u015brodowiskowych zak\u0142ad\u00f3w g\u00f3rniczych oraz oceny zasob\u00f3w. Ponadto, Pracownia \u015bwiadczy us\u0142ugi informacyjne i doradcze oraz wsp\u00f3\u0142pracuje z Ministerstwem \u015arodowiska w procesie przygotowywania i wdra\u017cania Polityki Surowcowej Pa\u0144stwa.<\/p>\n<p>Do zada\u0144 Pracowni Polityki Surowcowej nale\u017c\u0105:<\/p>\n<ul>\n<li>gospodarka surowcami mineralnymi w kraju i na \u015bwiecie &#8211; analiza rynk\u00f3w surowcowych, bilansowanie gospodarki surowcami, prognozowanie rozwoju krajowej gospodarki surowcami mineralnymi<\/li>\n<li>polityki i strategie surowcowe Polski i Unii Europejskiej<\/li>\n<li>zasady racjonalnej gospodarki z\u0142o\u017cami kopalin oraz ich waloryzacji i ochrony<\/li>\n<li>metody wyceny z\u0142\u00f3\u017c kopalin oraz projekt\u00f3w g\u00f3rniczych<\/li>\n<li>ekonomiczne, formalno-prawne, techniczne, technologiczne i \u015brodowiskowe uwarunkowania pozyskiwania surowc\u00f3w mineralnych ze \u017ar\u00f3de\u0142 pierwotnych, wt\u00f3rnych i odpadowych<\/li>\n<li>strategiczne oceny oddzia\u0142ywania na \u015brodowisko oraz oceny oddzia\u0142ywania na \u015brodowisko zak\u0142ad\u00f3w g\u00f3rniczych i innych obiekt\u00f3w przemys\u0142u surowc\u00f3w mineralnych<\/li>\n<li>\u017ar\u00f3d\u0142a, charakterystyka mineralogiczno-technologiczna oraz mo\u017cliwo\u015bci u\u017cytkowania surowc\u00f3w skalnych oraz mineralnych surowc\u00f3w odpadowych i towarzysz\u0105cych<\/li>\n<\/ul>\n<p><\/p>","protected":false},"excerpt":{"rendered":"<p>Pracowni\u0119 Polityki Surowcowej stanowi zesp\u00f3\u0142 specjalist\u00f3w z zakresu analizy strategii zarz\u0105dzania surowcami mineralnymi w kraju i na \u015bwiecie. Pracownicy posiadaj\u0105 kompetencje w zakresie wykonywania due dilligence technicznych, \u015brodowiskowych zak\u0142ad\u00f3w g\u00f3rniczych oraz oceny zasob\u00f3w. Ponadto, Pracownia \u015bwiadczy us\u0142ugi informacyjne i doradcze oraz wsp\u00f3\u0142pracuje z Ministerstwem \u015arodowiska w procesie przygotowywania i wdra\u017cania Polityki Surowcowej Pa\u0144stwa. Do zada\u0144 [&hellip;]<\/p>\n","protected":false},"author":1,"featured_media":0,"parent":7,"menu_order":8,"comment_status":"closed","ping_status":"closed","template":"templates\/template-lab.php","meta":{"footnotes":""},"class_list":["post-40","page","type-page","status-publish","hentry"],"_links":{"self":[{"href":"https:\/\/min-pan.krakow.pl\/zaklady-i-pracownie\/wp-json\/wp\/v2\/pages\/40","targetHints":{"allow":["GET"]}}],"collection":[{"href":"https:\/\/min-pan.krakow.pl\/zaklady-i-pracownie\/wp-json\/wp\/v2\/pages"}],"about":[{"href":"https:\/\/min-pan.krakow.pl\/zaklady-i-pracownie\/wp-json\/wp\/v2\/types\/page"}],"author":[{"embeddable":true,"href":"https:\/\/min-pan.krakow.pl\/zaklady-i-pracownie\/wp-json\/wp\/v2\/users\/1"}],"replies":[{"embeddable":true,"href":"https:\/\/min-pan.krakow.pl\/zaklady-i-pracownie\/wp-json\/wp\/v2\/comments?post=40"}],"version-history":[{"count":5,"href":"https:\/\/min-pan.krakow.pl\/zaklady-i-pracownie\/wp-json\/wp\/v2\/pages\/40\/revisions"}],"predecessor-version":[{"id":1085,"href":"https:\/\/min-pan.krakow.pl\/zaklady-i-pracownie\/wp-json\/wp\/v2\/pages\/40\/revisions\/1085"}],"up":[{"embeddable":true,"href":"https:\/\/min-pan.krakow.pl\/zaklady-i-pracownie\/wp-json\/wp\/v2\/pages\/7"}],"wp:attachment":[{"href":"https:\/\/min-pan.krakow.pl\/zaklady-i-pracownie\/wp-json\/wp\/v2\/media?parent=40"}],"curies":[{"name":"wp","href":"https:\/\/api.w.org\/{rel}","templated":true}]}}