{"id":2,"date":"2017-11-08T14:35:56","date_gmt":"2017-11-08T13:35:56","guid":{"rendered":"https:\/\/min-pan.krakow.pl\/\/zaklady-i-pracownie\/?page_id=2"},"modified":"2024-05-20T13:58:57","modified_gmt":"2024-05-20T11:58:57","slug":"zaklady","status":"publish","type":"page","link":"https:\/\/min-pan.krakow.pl\/zaklady-i-pracownie\/","title":{"rendered":"Zak\u0142ady i pracownie"},"content":{"rendered":"<p><\/p>\n<h2>Zak\u0142ady i pracownie<\/h2>\n<p>Aktualnie pion naukowy Instytutu Gospodarki Surowcami Mineralnymi i Energi\u0105 PAN tworz\u0105 pi\u0119\u0107 zak\u0142ad\u00f3w oraz czterna\u015bcie pracowni specjalistycznych. Pozostali pracownicy stanowi\u0105 wsparcie kadry naukowej w zakresie naukowo-technicznym oraz obs\u0142ugi administracyjnej.<\/p>\n<h3>Zak\u0142ady Instytutu:<\/h3>\n<p><\/p>","protected":false},"excerpt":{"rendered":"<p>Zak\u0142ady i pracownie Aktualnie pion naukowy Instytutu Gospodarki Surowcami Mineralnymi i Energi\u0105 PAN tworz\u0105 pi\u0119\u0107 zak\u0142ad\u00f3w oraz czterna\u015bcie pracowni specjalistycznych. Pozostali pracownicy stanowi\u0105 wsparcie kadry naukowej w zakresie naukowo-technicznym oraz obs\u0142ugi administracyjnej. Zak\u0142ady Instytutu:<\/p>\n","protected":false},"author":1,"featured_media":0,"parent":0,"menu_order":1,"comment_status":"closed","ping_status":"open","template":"templates\/template-home.php","meta":{"footnotes":""},"class_list":["post-2","page","type-page","status-publish","hentry"],"_links":{"self":[{"href":"https:\/\/min-pan.krakow.pl\/zaklady-i-pracownie\/wp-json\/wp\/v2\/pages\/2","targetHints":{"allow":["GET"]}}],"collection":[{"href":"https:\/\/min-pan.krakow.pl\/zaklady-i-pracownie\/wp-json\/wp\/v2\/pages"}],"about":[{"href":"https:\/\/min-pan.krakow.pl\/zaklady-i-pracownie\/wp-json\/wp\/v2\/types\/page"}],"author":[{"embeddable":true,"href":"https:\/\/min-pan.krakow.pl\/zaklady-i-pracownie\/wp-json\/wp\/v2\/users\/1"}],"replies":[{"embeddable":true,"href":"https:\/\/min-pan.krakow.pl\/zaklady-i-pracownie\/wp-json\/wp\/v2\/comments?post=2"}],"version-history":[{"count":16,"href":"https:\/\/min-pan.krakow.pl\/zaklady-i-pracownie\/wp-json\/wp\/v2\/pages\/2\/revisions"}],"predecessor-version":[{"id":1165,"href":"https:\/\/min-pan.krakow.pl\/zaklady-i-pracownie\/wp-json\/wp\/v2\/pages\/2\/revisions\/1165"}],"wp:attachment":[{"href":"https:\/\/min-pan.krakow.pl\/zaklady-i-pracownie\/wp-json\/wp\/v2\/media?parent=2"}],"curies":[{"name":"wp","href":"https:\/\/api.w.org\/{rel}","templated":true}]}}