{"id":182,"date":"2017-12-04T10:48:31","date_gmt":"2017-12-04T09:48:31","guid":{"rendered":"https:\/\/min-pan.krakow.pl\/\/wydawnictwo\/?page_id=182"},"modified":"2021-01-05T11:52:48","modified_gmt":"2021-01-05T10:52:48","slug":"kryteria-ochrony-zloz-pozostawionych-przez-likwidowane-kopalnie-w-warunkach-zrownowazonego-rozwoju-na-przykladzie-modelowym-zloz-siarki-rodzimej","status":"publish","type":"page","link":"https:\/\/min-pan.krakow.pl\/wydawnictwo\/ksiazki\/kryteria-ochrony-zloz-pozostawionych-przez-likwidowane-kopalnie-w-warunkach-zrownowazonego-rozwoju-na-przykladzie-modelowym-zloz-siarki-rodzimej\/","title":{"rendered":"KRYTERIA OCHRONY Z\u0141\u00d3\u017b POZOSTAWIONYCH PRZEZ LIKWIDOWANE KOPALNIE W WARUNKACH ZR\u00d3WNOWA\u017bONEGO ROZWOJU NA PRZYK\u0141ADZIE MODELOWYM Z\u0141\u00d3\u017b SIARKI RODZIMEJ"},"content":{"rendered":"","protected":false},"excerpt":{"rendered":"","protected":false},"author":1,"featured_media":0,"parent":60,"menu_order":639,"comment_status":"closed","ping_status":"closed","template":"templates\/template-book.php","meta":{"footnotes":""},"class_list":["post-182","page","type-page","status-publish","hentry"],"_links":{"self":[{"href":"https:\/\/min-pan.krakow.pl\/wydawnictwo\/wp-json\/wp\/v2\/pages\/182","targetHints":{"allow":["GET"]}}],"collection":[{"href":"https:\/\/min-pan.krakow.pl\/wydawnictwo\/wp-json\/wp\/v2\/pages"}],"about":[{"href":"https:\/\/min-pan.krakow.pl\/wydawnictwo\/wp-json\/wp\/v2\/types\/page"}],"author":[{"embeddable":true,"href":"https:\/\/min-pan.krakow.pl\/wydawnictwo\/wp-json\/wp\/v2\/users\/1"}],"replies":[{"embeddable":true,"href":"https:\/\/min-pan.krakow.pl\/wydawnictwo\/wp-json\/wp\/v2\/comments?post=182"}],"version-history":[{"count":1,"href":"https:\/\/min-pan.krakow.pl\/wydawnictwo\/wp-json\/wp\/v2\/pages\/182\/revisions"}],"predecessor-version":[{"id":183,"href":"https:\/\/min-pan.krakow.pl\/wydawnictwo\/wp-json\/wp\/v2\/pages\/182\/revisions\/183"}],"up":[{"embeddable":true,"href":"https:\/\/min-pan.krakow.pl\/wydawnictwo\/wp-json\/wp\/v2\/pages\/60"}],"wp:attachment":[{"href":"https:\/\/min-pan.krakow.pl\/wydawnictwo\/wp-json\/wp\/v2\/media?parent=182"}],"curies":[{"name":"wp","href":"https:\/\/api.w.org\/{rel}","templated":true}]}}