{"id":105,"date":"2017-11-27T16:20:50","date_gmt":"2017-11-27T15:20:50","guid":{"rendered":"https:\/\/min-pan.krakow.pl\/\/wydawnictwo\/?page_id=105"},"modified":"2021-03-01T13:53:20","modified_gmt":"2021-03-01T12:53:20","slug":"technika-poszukiwan-geologicznych-geotermia-zrownowazony-rozwoj-2","status":"publish","type":"page","link":"https:\/\/min-pan.krakow.pl\/wydawnictwo\/czasopisma\/technika-poszukiwan-geologicznych-geotermia-zrownowazony-rozwoj-2\/","title":{"rendered":"Technika Poszukiwa\u0144 Geologicznych, Geotermia, Zr\u00f3wnowa\u017cony Rozw\u00f3j &#8211; Geological Exploration Technology, Geothermal Energy, Sustainable Development"},"content":{"rendered":"<p>Redaktor naczelny:<strong>\u00a0dr hab. in\u017c. Wies\u0142aw Bujakowski<br \/>\n<\/strong>ISSN 0304-520X<\/p>\n<p>Technika Poszukiwa\u0144 Geologicznych Geotermia, Zr\u00f3wnowa\u017cony Rozw\u00f3j jest p\u00f3\u0142rocznikiem prezentuj\u0105cym oryginalne prace naukowe z zakresu ekonomii, ekonomiki, energetyki, energii odnawialnej, fotogeologii, geochemii, geodezji, geografii, geofizyki, geosynoptyki, geotermii, geotechniki, g\u00f3rnictwa, hydrogeologii i geologii in\u017cynierskiej, informatyki, in\u017cynierii z\u0142o\u017cowej i ciep\u0142owniczej, kartografii, ochrony \u015brodowiska i\u00a0zasob\u00f3w naturalnych, petrografii, wiertnictwa. Czasopismo publikuje artyku\u0142y w j\u0119zyku polskim lub angielskim. Redakcja przestrzega zasady <em>double blind review<\/em>.<\/p>\n<p style=\"text-align: center\"><span style=\"color: #ff0000;font-size: 14pt\"><strong>WA\u017bNY KOMUNIKAT <\/strong><\/span><\/p>\n<p style=\"text-align: center\"><strong><em>Szanowni Pa\u0144stwo \u2013 Autorzy i Czytelnicy,<\/em><\/strong><\/p>\n<p style=\"text-align: center\"><strong>Redakcja czasopisma <em>Technika Poszukiwa\u0144 Geologicznych. Geotermia, Zr\u00f3wnowa\u017cony Rozw\u00f3j<\/em> (ISSN 0304-520X) uprzejmie informuje, \u017ce z przyczyn niezale\u017cnych postanowi\u0142a zawiesi\u0107 wydawanie czasopisma od numeru 262 (R.\u00a057-z. 2) z 2018 roku na czas nieokre\u015blony.<\/strong><\/p>\n<p><em>Technika Poszukiwa\u0144 Geologicznych. Geotermia, Zr\u00f3wnowa\u017cony Rozw\u00f3j <\/em>jest specjalistycznym czasopismem naukowym w Polsce, kt\u00f3re od wielu lat systematycznie publikuje wiele artyku\u0142\u00f3w i\u00a0doniesie\u0144 zw\u0142aszcza z zakresu szeroko poj\u0119tego obszaru geotermii umo\u017cliwiaj\u0105c bie\u017c\u0105c\u0105 orientacj\u0119 w\u00a0rozwoju polskiej i mi\u0119dzynarodowej nauki i praktyki w obszarze ciep\u0142a Ziemi i dziedzin pokrewnych.<\/p>\n<p>Problematyka geotermalna jest wiod\u0105c\u0105 w dziedzinach Instytutu Gospodarki Surowcami Mineralnymi i\u00a0Energi\u0105 PAN. Chc\u0105c zatem utrzyma\u0107 nasze wieloletnie do\u015bwiadczenie i pozycj\u0119 jako specjalistycznej instytucji publikuj\u0105cej artyku\u0142y naukowe dotycz\u0105ce geotermii pragniemy Pa\u0144stwa poinformowa\u0107, \u017ce Instytut oferuje publikacj\u0119 artyku\u0142\u00f3w z obszaru geotermii w swoich czasopismach:<\/p>\n<p>&#8211; <a href=\"https:\/\/gsm.min-pan.krakow.pl\/\">Gospodarka Surowcami Mineralnymi \u2013 Mineral Resources Management<\/a> (70 pkt. wg listy MNiSW),<\/p>\n<p>&#8211; <a href=\"https:\/\/epj.min-pan.krakow.pl\/\">Polityka Energetyczna \u2013 Energy Policy Journal<\/a> (20 pkt. wg listy MNiSW),<\/p>\n<p>&#8211; <a href=\"https:\/\/min-pan.krakow.pl\/wydawnictwo\/czasopisma\/zeszyty-naukowe-instytutu-surowcami-mineralnymi-i-energia-pan\/\">Zeszyty Naukowe Instytutu Gospodarki Surowcami Mineralnymi i Energi\u0105 PAN<\/a> (5 pkt. wg listy MNiSW).<\/p>\n<p>Zach\u0119camy i zapraszamy Pa\u0144stwa do zg\u0142aszania artyku\u0142\u00f3w z zakresu geotermii do wymienionych periodyk\u00f3w, a\u00a0tak\u017ce \u2013 do korzystania z nich jako czytelnicy.<\/p>\n<p><em>Z wyrazami szacunku,<\/em><\/p>\n<p>Krzysztof Galos, dyrektor IGSMiE PAN<\/p>\n<p>Wies\u0142aw Bujakowski, redaktor naczelny czasopisma <em>Technika Poszukiwa\u0144 Geologicznych.\u00a0<\/em><em>Geotermia, Zr\u00f3wnowa\u017cony Rozw\u00f3j<\/em><\/p>\n<p class=\"downloadElemContainer2\"><a class=\"downloadElem pdf\" href=\"https:\/\/min-pan.krakow.pl\/wydawnictwo\/wp-content\/uploads\/sites\/4\/2020\/01\/TPG-zawieszenie.pdf\" target=\"_blank\" rel=\"noopener noreferrer\">\u00a0<\/a><cite>TPG zawieszenie<\/cite><\/p>\n<p><\/p>","protected":false},"excerpt":{"rendered":"<p>Redaktor naczelny:\u00a0dr hab. in\u017c. Wies\u0142aw Bujakowski ISSN 0304-520X Technika Poszukiwa\u0144 Geologicznych Geotermia, Zr\u00f3wnowa\u017cony Rozw\u00f3j jest p\u00f3\u0142rocznikiem prezentuj\u0105cym oryginalne prace naukowe z zakresu ekonomii, ekonomiki, energetyki, energii odnawialnej, fotogeologii, geochemii, geodezji, geografii, geofizyki, geosynoptyki, geotermii, geotechniki, g\u00f3rnictwa, hydrogeologii i geologii in\u017cynierskiej, informatyki, in\u017cynierii z\u0142o\u017cowej i ciep\u0142owniczej, kartografii, ochrony \u015brodowiska i\u00a0zasob\u00f3w naturalnych, petrografii, wiertnictwa. Czasopismo publikuje artyku\u0142y [&hellip;]<\/p>\n","protected":false},"author":1,"featured_media":0,"parent":9,"menu_order":98,"comment_status":"closed","ping_status":"closed","template":"templates\/template-magazine.php","meta":{"footnotes":""},"class_list":["post-105","page","type-page","status-publish","hentry"],"_links":{"self":[{"href":"https:\/\/min-pan.krakow.pl\/wydawnictwo\/wp-json\/wp\/v2\/pages\/105","targetHints":{"allow":["GET"]}}],"collection":[{"href":"https:\/\/min-pan.krakow.pl\/wydawnictwo\/wp-json\/wp\/v2\/pages"}],"about":[{"href":"https:\/\/min-pan.krakow.pl\/wydawnictwo\/wp-json\/wp\/v2\/types\/page"}],"author":[{"embeddable":true,"href":"https:\/\/min-pan.krakow.pl\/wydawnictwo\/wp-json\/wp\/v2\/users\/1"}],"replies":[{"embeddable":true,"href":"https:\/\/min-pan.krakow.pl\/wydawnictwo\/wp-json\/wp\/v2\/comments?post=105"}],"version-history":[{"count":19,"href":"https:\/\/min-pan.krakow.pl\/wydawnictwo\/wp-json\/wp\/v2\/pages\/105\/revisions"}],"predecessor-version":[{"id":6665,"href":"https:\/\/min-pan.krakow.pl\/wydawnictwo\/wp-json\/wp\/v2\/pages\/105\/revisions\/6665"}],"up":[{"embeddable":true,"href":"https:\/\/min-pan.krakow.pl\/wydawnictwo\/wp-json\/wp\/v2\/pages\/9"}],"wp:attachment":[{"href":"https:\/\/min-pan.krakow.pl\/wydawnictwo\/wp-json\/wp\/v2\/media?parent=105"}],"curies":[{"name":"wp","href":"https:\/\/api.w.org\/{rel}","templated":true}]}}