{"id":102,"date":"2017-11-27T16:18:40","date_gmt":"2017-11-27T15:18:40","guid":{"rendered":"https:\/\/min-pan.krakow.pl\/\/wydawnictwo\/?page_id=102"},"modified":"2022-12-16T11:50:19","modified_gmt":"2022-12-16T10:50:19","slug":"zeszyty-naukowe-instytutu-surowcami-mineralnymi-i-energia-pan","status":"publish","type":"page","link":"https:\/\/min-pan.krakow.pl\/wydawnictwo\/serie-wydawnicze\/zeszyty-naukowe-instytutu-surowcami-mineralnymi-i-energia-pan\/","title":{"rendered":"Zeszyty Naukowe Instytutu Gospodarki Surowcami Mineralnymi Polskiej Akademii Nauk"},"content":{"rendered":"<p>Redaktor naczelny:\u00a0<strong>prof. dr hab. in\u017c. Krzysztof Galos<br \/>\n<\/strong>Z-ca redaktora naczelnego:\u00a0<strong>dr hab. in\u017c. Magdalena Wdowin<\/strong><strong><br \/>\n<\/strong>ISSN 2080-0819<\/p>\n<p>Zeszyty Naukowe Instytutu Gospodarki Surowcami Mineralnymi i Energi\u0105 Polskiej Akademii Nauk od 2022 roku sta\u0142y si\u0119 seri\u0105 monograficzn\u0105, b\u0119d\u0105c\u0105 kontynuacj\u0105 czasopisma naukowego \u2013 aperiodyku o tym samym tytule. W serii prezentowane s\u0105 prace z zakresu in\u017cynierii \u015brodowiska, g\u00f3rnictwa i energetyki, a tak\u017ce innych nauk in\u017cynieryjno-technicznych oraz nauk o Ziemi i \u015brodowisku, a tak\u017ce materia\u0142y konferencyjne o tematyce mieszcz\u0105cej si\u0119 w dzia\u0142alno\u015bci statutowej Instytutu, o ile organizatorzy zaakceptuj\u0105 obowi\u0105zuj\u0105ce zasady recenzowania publikacji.<\/p>\n<h3>\u00a0Kolegium Redakcyjne serii<\/h3>\n<ul>\n<li>Redaktor naczelny: Krzysztof Galos<\/li>\n<li>Z-ca redaktora naczelnego: Magdalena Wdowin<br \/>\nRedaktor tematyczny: Geologia stosowana i in\u017cynieria \u015brodowiska<\/li>\n<li>Sekretarz redakcji: Aleksandra Komorowska<br \/>\nRedaktor tematyczny: Paliwa i energia<\/li>\n<li>Z-ca sekretarza redakcji: Zenon Pilecki<br \/>\nRedaktor tematyczny: G\u00f3rnictwo i geoin\u017cynieria<\/li>\n<\/ul>\n<p class=\"downloadElemContainer2\"><a class=\"downloadElem docx\" href=\"https:\/\/min-pan.krakow.pl\/wydawnictwo\/wp-content\/uploads\/sites\/4\/2022\/12\/ZN-WSKAZ\u00d3WKI-DLA-AUTOR\u00d3W.docx\" target=\"_blank\" rel=\"noopener noreferrer\">\u00a0<\/a><cite>Wskaz\u00f3wki dla autor\u00f3w<\/cite><\/p>\n<p class=\"downloadElemContainer2\"><a class=\"downloadElem doc\" href=\"https:\/\/min-pan.krakow.pl\/wydawnictwo\/wp-content\/uploads\/sites\/4\/2022\/12\/formularz-recenzji-ZN-1.doc\" target=\"_blank\" rel=\"noopener noreferrer\">\u00a0<\/a><cite>Formularz recenzji<\/cite><\/p>\n<p><\/p>","protected":false},"excerpt":{"rendered":"<p>Redaktor naczelny:\u00a0prof. dr hab. in\u017c. Krzysztof Galos Z-ca redaktora naczelnego:\u00a0dr hab. in\u017c. Magdalena Wdowin ISSN 2080-0819 Zeszyty Naukowe Instytutu Gospodarki Surowcami Mineralnymi i Energi\u0105 Polskiej Akademii Nauk od 2022 roku sta\u0142y si\u0119 seri\u0105 monograficzn\u0105, b\u0119d\u0105c\u0105 kontynuacj\u0105 czasopisma naukowego \u2013 aperiodyku o tym samym tytule. W serii prezentowane s\u0105 prace z zakresu in\u017cynierii \u015brodowiska, g\u00f3rnictwa i [&hellip;]<\/p>\n","protected":false},"author":1,"featured_media":0,"parent":300,"menu_order":5,"comment_status":"closed","ping_status":"closed","template":"templates\/template-magazinepan.php","meta":{"footnotes":""},"class_list":["post-102","page","type-page","status-publish","hentry"],"_links":{"self":[{"href":"https:\/\/min-pan.krakow.pl\/wydawnictwo\/wp-json\/wp\/v2\/pages\/102","targetHints":{"allow":["GET"]}}],"collection":[{"href":"https:\/\/min-pan.krakow.pl\/wydawnictwo\/wp-json\/wp\/v2\/pages"}],"about":[{"href":"https:\/\/min-pan.krakow.pl\/wydawnictwo\/wp-json\/wp\/v2\/types\/page"}],"author":[{"embeddable":true,"href":"https:\/\/min-pan.krakow.pl\/wydawnictwo\/wp-json\/wp\/v2\/users\/1"}],"replies":[{"embeddable":true,"href":"https:\/\/min-pan.krakow.pl\/wydawnictwo\/wp-json\/wp\/v2\/comments?post=102"}],"version-history":[{"count":12,"href":"https:\/\/min-pan.krakow.pl\/wydawnictwo\/wp-json\/wp\/v2\/pages\/102\/revisions"}],"predecessor-version":[{"id":6862,"href":"https:\/\/min-pan.krakow.pl\/wydawnictwo\/wp-json\/wp\/v2\/pages\/102\/revisions\/6862"}],"up":[{"embeddable":true,"href":"https:\/\/min-pan.krakow.pl\/wydawnictwo\/wp-json\/wp\/v2\/pages\/300"}],"wp:attachment":[{"href":"https:\/\/min-pan.krakow.pl\/wydawnictwo\/wp-json\/wp\/v2\/media?parent=102"}],"curies":[{"name":"wp","href":"https:\/\/api.w.org\/{rel}","templated":true}]}}

<p>Redaktor naczelny: <strong>prof. dr hab. inż. Krzysztof Galos<br />
</strong>Z-ca redaktora naczelnego: <strong>dr hab. inż. Magdalena Wdowin</strong><strong><br />
</strong>ISSN 2080-0819</p>
<p>Zeszyty Naukowe Instytutu Gospodarki Surowcami Mineralnymi i Energią Polskiej Akademii Nauk od 2022 roku stały się serią monograficzną, będącą kontynuacją czasopisma naukowego – aperiodyku o tym samym tytule. W serii prezentowane są prace z zakresu inżynierii środowiska, górnictwa i energetyki, a także innych nauk inżynieryjno-technicznych oraz nauk o Ziemi i środowisku, a także materiały konferencyjne o tematyce mieszczącej się w działalności statutowej Instytutu, o ile organizatorzy zaakceptują obowiązujące zasady recenzowania publikacji.</p>
<h3> Kolegium Redakcyjne serii</h3>
<ul>
<li>Redaktor naczelny: Krzysztof Galos</li>
<li>Z-ca redaktora naczelnego: Magdalena Wdowin<br />
Redaktor tematyczny: Geologia stosowana i inżynieria środowiska</li>
<li>Sekretarz redakcji: Aleksandra Komorowska<br />
Redaktor tematyczny: Paliwa i energia</li>
<li>Z-ca sekretarza redakcji: Zenon Pilecki<br />
Redaktor tematyczny: Górnictwo i geoinżynieria</li>
</ul>
<p class="downloadElemContainer2"><a class="downloadElem docx" href="https://min-pan.krakow.pl/wydawnictwo/wp-content/uploads/sites/4/2022/12/ZN-WSKAZÓWKI-DLA-AUTORÓW.docx" target="_blank" rel="noopener noreferrer"> </a><cite>Wskazówki dla autorów</cite></p>
<p class="downloadElemContainer2"><a class="downloadElem doc" href="https://min-pan.krakow.pl/wydawnictwo/wp-content/uploads/sites/4/2022/12/formularz-recenzji-ZN-1.doc" target="_blank" rel="noopener noreferrer"> </a><cite>Formularz recenzji</cite></p>
<p></p>

<p>Redaktor naczelny: prof. dr hab. inż. Krzysztof Galos Z-ca redaktora naczelnego: dr hab. inż. Magdalena Wdowin ISSN 2080-0819 Zeszyty Naukowe Instytutu Gospodarki Surowcami Mineralnymi i Energią Polskiej Akademii Nauk od 2022 roku stały się serią monograficzną, będącą kontynuacją czasopisma naukowego – aperiodyku o tym samym tytule. W serii prezentowane są prace z zakresu inżynierii środowiska, górnictwa i [&hellip;]</p>
