{"id":2625,"date":"2025-01-08T22:11:39","date_gmt":"2025-01-08T21:11:39","guid":{"rendered":"https:\/\/min-pan.krakow.pl\/instytut\/?page_id=2625"},"modified":"2025-01-08T22:11:39","modified_gmt":"2025-01-08T21:11:39","slug":"swiadczenie-uslug-calodobowej-ochrony-osob-i-mienia-w-budynku-instytutu-gospodarki-surowcami-mineralnymi-i-energia-pan-w-krakowie_ao-271-1-25","status":"publish","type":"page","link":"https:\/\/min-pan.krakow.pl\/instytut\/zamowienia-publiczne\/zamowienia-pzp-3\/swiadczenie-uslug-calodobowej-ochrony-osob-i-mienia-w-budynku-instytutu-gospodarki-surowcami-mineralnymi-i-energia-pan-w-krakowie_ao-271-1-25\/","title":{"rendered":"\u015awiadczenie us\u0142ug ca\u0142odobowej ochrony os\u00f3b i mienia w budynku Instytutu Gospodarki Surowcami Mineralnymi i Energi\u0105 PAN w Krakowie_AO-271-1\/25"},"content":{"rendered":"<p>\u015awiadczenie us\u0142ug ca\u0142odobowej ochrony os\u00f3b i mienia w budynku Instytutu Gospodarki Surowcami Mineralnymi i Energi\u0105 PAN w Krakowie_AO-271-1\/25<\/p>\n<p class=\"downloadElemContainer2\"><a class=\"downloadElem pdf\" href=\"https:\/\/min-pan.krakow.pl\/instytut\/wp-content\/uploads\/sites\/2\/2025\/01\/Ogloszenie_o_zamowieniu_AO-271-1_25.pdf\" target=\"_blank\" rel=\"noopener\">\u00a0<\/a><cite>Og\u0142oszenie_o_zam\u00f3wieniu_AO-271-1_25<\/cite><\/p>\n<p>Informacje szczeg\u00f3\u0142owe oraz dokumenty do pobrania znajduj\u0105 si\u0119 <a href=\"https:\/\/platformazakupowa.pl\/transakcja\/1044881\"><strong>tutaj<\/strong><\/a>.<\/p>","protected":false},"excerpt":{"rendered":"<p>\u015awiadczenie us\u0142ug ca\u0142odobowej ochrony os\u00f3b i mienia w budynku Instytutu Gospodarki Surowcami Mineralnymi i Energi\u0105 PAN w Krakowie_AO-271-1\/25 \u00a0Og\u0142oszenie_o_zam\u00f3wieniu_AO-271-1_25 Informacje szczeg\u00f3\u0142owe oraz dokumenty do pobrania znajduj\u0105 si\u0119 tutaj.<\/p>\n","protected":false},"author":4,"featured_media":0,"parent":1562,"menu_order":20,"comment_status":"closed","ping_status":"closed","template":"templates\/template-document.php","meta":{"footnotes":""},"class_list":["post-2625","page","type-page","status-publish","hentry"],"_links":{"self":[{"href":"https:\/\/min-pan.krakow.pl\/instytut\/wp-json\/wp\/v2\/pages\/2625","targetHints":{"allow":["GET"]}}],"collection":[{"href":"https:\/\/min-pan.krakow.pl\/instytut\/wp-json\/wp\/v2\/pages"}],"about":[{"href":"https:\/\/min-pan.krakow.pl\/instytut\/wp-json\/wp\/v2\/types\/page"}],"author":[{"embeddable":true,"href":"https:\/\/min-pan.krakow.pl\/instytut\/wp-json\/wp\/v2\/users\/4"}],"replies":[{"embeddable":true,"href":"https:\/\/min-pan.krakow.pl\/instytut\/wp-json\/wp\/v2\/comments?post=2625"}],"version-history":[{"count":1,"href":"https:\/\/min-pan.krakow.pl\/instytut\/wp-json\/wp\/v2\/pages\/2625\/revisions"}],"predecessor-version":[{"id":2627,"href":"https:\/\/min-pan.krakow.pl\/instytut\/wp-json\/wp\/v2\/pages\/2625\/revisions\/2627"}],"up":[{"embeddable":true,"href":"https:\/\/min-pan.krakow.pl\/instytut\/wp-json\/wp\/v2\/pages\/1562"}],"wp:attachment":[{"href":"https:\/\/min-pan.krakow.pl\/instytut\/wp-json\/wp\/v2\/media?parent=2625"}],"curies":[{"name":"wp","href":"https:\/\/api.w.org\/{rel}","templated":true}]}}