{"id":26,"date":"2017-11-09T10:51:18","date_gmt":"2017-11-09T09:51:18","guid":{"rendered":"https:\/\/min-pan.krakow.pl\/instytut\/?page_id=26"},"modified":"2019-08-01T15:44:28","modified_gmt":"2019-08-01T13:44:28","slug":"misja-i-zakres-dzialalnosci","status":"publish","type":"page","link":"https:\/\/min-pan.krakow.pl\/instytut\/misja-i-zakres-dzialalnosci\/","title":{"rendered":"Nasza Misja"},"content":{"rendered":"<p><\/p>\n<h2>Nasza Misja<\/h2>\n<p>Misj\u0105 Instytutu jest dostarczanie nauce i gospodarce nowoczesnych, ekonomicznych, ekologicznych i spo\u0142ecznych rozwi\u0105za\u0144 s\u0142u\u017c\u0105cych zr\u00f3wnowa\u017conemu rozwojowi kraju i region\u00f3w w obszarze surowcowym i energetycznym, realizowanych pod has\u0142em:<\/p>\n<blockquote><p>Surowce i energia dla spo\u0142ecze\u0144stwa<\/p><\/blockquote>\n<p>poprzez racjonalnie zaprogramowane i wzajemnie powi\u0105zane dzia\u0142ania w sferze naukowo\u2011badawczej, organizacyjnej, technicznej i ekonomicznej w obszarach:<\/p>","protected":false},"excerpt":{"rendered":"<p>Nasza Misja Misj\u0105 Instytutu jest dostarczanie nauce i gospodarce nowoczesnych, ekonomicznych, ekologicznych i spo\u0142ecznych rozwi\u0105za\u0144 s\u0142u\u017c\u0105cych zr\u00f3wnowa\u017conemu rozwojowi kraju i region\u00f3w w obszarze surowcowym i energetycznym, realizowanych pod has\u0142em: Surowce i energia dla spo\u0142ecze\u0144stwa poprzez racjonalnie zaprogramowane i wzajemnie powi\u0105zane dzia\u0142ania w sferze naukowo\u2011badawczej, organizacyjnej, technicznej i ekonomicznej w obszarach:<\/p>\n","protected":false},"author":1,"featured_media":0,"parent":0,"menu_order":134,"comment_status":"closed","ping_status":"closed","template":"templates\/template-home.php","meta":{"footnotes":""},"class_list":["post-26","page","type-page","status-publish","hentry"],"_links":{"self":[{"href":"https:\/\/min-pan.krakow.pl\/instytut\/wp-json\/wp\/v2\/pages\/26","targetHints":{"allow":["GET"]}}],"collection":[{"href":"https:\/\/min-pan.krakow.pl\/instytut\/wp-json\/wp\/v2\/pages"}],"about":[{"href":"https:\/\/min-pan.krakow.pl\/instytut\/wp-json\/wp\/v2\/types\/page"}],"author":[{"embeddable":true,"href":"https:\/\/min-pan.krakow.pl\/instytut\/wp-json\/wp\/v2\/users\/1"}],"replies":[{"embeddable":true,"href":"https:\/\/min-pan.krakow.pl\/instytut\/wp-json\/wp\/v2\/comments?post=26"}],"version-history":[{"count":13,"href":"https:\/\/min-pan.krakow.pl\/instytut\/wp-json\/wp\/v2\/pages\/26\/revisions"}],"predecessor-version":[{"id":1063,"href":"https:\/\/min-pan.krakow.pl\/instytut\/wp-json\/wp\/v2\/pages\/26\/revisions\/1063"}],"wp:attachment":[{"href":"https:\/\/min-pan.krakow.pl\/instytut\/wp-json\/wp\/v2\/media?parent=26"}],"curies":[{"name":"wp","href":"https:\/\/api.w.org\/{rel}","templated":true}]}}