{"id":2571,"date":"2024-10-24T21:14:33","date_gmt":"2024-10-24T19:14:33","guid":{"rendered":"https:\/\/min-pan.krakow.pl\/instytut\/?page_id=2571"},"modified":"2024-11-06T19:52:11","modified_gmt":"2024-11-06T18:52:11","slug":"zapytanie-nr-54-zapytanie-ofertowe-organizacja-konferencji-z-cyklu-5th-edition-of-the-international-conference-strategies-toward-green-deal-implementation-water-raw-materials-energy","status":"publish","type":"page","link":"https:\/\/min-pan.krakow.pl\/instytut\/zamowienia-publiczne\/zapytania-ofertowe-2\/zapytanie-nr-54-zapytanie-ofertowe-organizacja-konferencji-z-cyklu-5th-edition-of-the-international-conference-strategies-toward-green-deal-implementation-water-raw-materials-energy\/","title":{"rendered":"Zapytanie nr 54: Organizacja Konferencji z cyklu \u201e5th edition of the International Conference &#8211; Strategies toward Green Deal Implementation Water, Raw Materials &amp; Energy in Green Transition\u201d w dn. 27-29 listopada 2024 r._AF-411-10\/23"},"content":{"rendered":"<p><\/p>\n<p class=\"downloadElemContainer2\"><a class=\"downloadElem pdf\" href=\"https:\/\/min-pan.krakow.pl\/instytut\/wp-content\/uploads\/sites\/2\/2024\/10\/Zapytanie-ofertowe_AF-411-10-23-1.pdf\" target=\"_blank\" rel=\"noopener\">\u00a0<\/a><cite>Zapytanie ofertowe_AF-411-10-23<\/cite><\/p>\n<p class=\"downloadElemContainer2\"><a class=\"downloadElem pdf\" href=\"https:\/\/min-pan.krakow.pl\/instytut\/wp-content\/uploads\/sites\/2\/2024\/10\/Zalacznik-1_Opis-przedmiotu-zamowienia_AF-411-10-23.pdf\" target=\"_blank\" rel=\"noopener\">\u00a0<\/a><cite>Za\u0142\u0105cznik 1_Opis przedmiotu zam\u00f3wienia_AF-411-10-23<\/cite><\/p>\n<p class=\"downloadElemContainer2\"><a class=\"downloadElem docx\" href=\"https:\/\/min-pan.krakow.pl\/instytut\/wp-content\/uploads\/sites\/2\/2024\/10\/Zalacznik-nr-2_Formularz-Ofertowy_AF-411-10-23.docx\" target=\"_blank\" rel=\"noopener\">\u00a0<\/a><cite>Za\u0142\u0105cznik nr 2_Formularz Ofertowy_AF-411-10-23<\/cite><\/p>\n<p class=\"downloadElemContainer2\"><a class=\"downloadElem docx\" href=\"https:\/\/min-pan.krakow.pl\/instytut\/wp-content\/uploads\/sites\/2\/2024\/10\/Zalacznik-nr-3_Oswiadczenie-o-spelnieniu-warunkow-udzialu_AF-411-10-23.docx\" target=\"_blank\" rel=\"noopener\">\u00a0<\/a><cite>Za\u0142\u0105cznik nr 3_O\u015bwiadczenie o spe\u0142nieniu warunk\u00f3w udzia\u0142u_AF-411-10-23<\/cite><\/p>\n<p class=\"downloadElemContainer2\"><a class=\"downloadElem docx\" href=\"https:\/\/min-pan.krakow.pl\/instytut\/wp-content\/uploads\/sites\/2\/2024\/10\/Zalacznik-nr-4_Oswiadczenie-o-braku-powiazan_AF-411-10-23.docx\" target=\"_blank\" rel=\"noopener\">\u00a0<\/a><cite>Za\u0142\u0105cznik nr 4_O\u015bwiadczenie o braku powi\u0105za\u0144_AF-411-10-23<\/cite><\/p>\n<p class=\"downloadElemContainer2\"><a class=\"downloadElem pdf\" href=\"https:\/\/min-pan.krakow.pl\/instytut\/wp-content\/uploads\/sites\/2\/2024\/10\/Zalacznik-nr-5_Wzor-umowy_AF-411-10-23.pdf\" target=\"_blank\" rel=\"noopener\">\u00a0<\/a><cite>Za\u0142\u0105cznik nr 5_Wz\u00f3r umowy_AF-411-10-23<\/cite><\/p>\n<p class=\"downloadElemContainer2\"><a class=\"downloadElem docx\" href=\"https:\/\/min-pan.krakow.pl\/instytut\/wp-content\/uploads\/sites\/2\/2024\/10\/Zalacznik-nr-6_Wykaz-uslug_AF-411-10-23.docx\" target=\"_blank\" rel=\"noopener\">\u00a0<\/a><cite>Za\u0142\u0105cznik nr 6_Wykaz us\u0142ug_AF-411-10-23<\/cite><\/p>\n<p class=\"downloadElemContainer2\"><a class=\"downloadElem pdf\" href=\"https:\/\/min-pan.krakow.pl\/instytut\/wp-content\/uploads\/sites\/2\/2024\/11\/Zawiadomienie-o-wyborze-najkorzystniejszej-oferty_AF-411-10-23.pdf\" target=\"_blank\" rel=\"noopener\">\u00a0<\/a><cite>Zawiadomienie o wyborze najkorzystniejszej oferty_AF-411-10-23<\/cite><\/p>\n<p><\/p>","protected":false},"excerpt":{"rendered":"<p>\u00a0Zapytanie ofertowe_AF-411-10-23 \u00a0Za\u0142\u0105cznik 1_Opis przedmiotu zam\u00f3wienia_AF-411-10-23 \u00a0Za\u0142\u0105cznik nr 2_Formularz Ofertowy_AF-411-10-23 \u00a0Za\u0142\u0105cznik nr 3_O\u015bwiadczenie o spe\u0142nieniu warunk\u00f3w udzia\u0142u_AF-411-10-23 \u00a0Za\u0142\u0105cznik nr 4_O\u015bwiadczenie o braku powi\u0105za\u0144_AF-411-10-23 \u00a0Za\u0142\u0105cznik nr 5_Wz\u00f3r umowy_AF-411-10-23 \u00a0Za\u0142\u0105cznik nr 6_Wykaz us\u0142ug_AF-411-10-23 \u00a0Zawiadomienie o wyborze najkorzystniejszej oferty_AF-411-10-23<\/p>\n","protected":false},"author":4,"featured_media":0,"parent":1564,"menu_order":53,"comment_status":"closed","ping_status":"closed","template":"templates\/template-document.php","meta":{"footnotes":""},"class_list":["post-2571","page","type-page","status-publish","hentry"],"_links":{"self":[{"href":"https:\/\/min-pan.krakow.pl\/instytut\/wp-json\/wp\/v2\/pages\/2571","targetHints":{"allow":["GET"]}}],"collection":[{"href":"https:\/\/min-pan.krakow.pl\/instytut\/wp-json\/wp\/v2\/pages"}],"about":[{"href":"https:\/\/min-pan.krakow.pl\/instytut\/wp-json\/wp\/v2\/types\/page"}],"author":[{"embeddable":true,"href":"https:\/\/min-pan.krakow.pl\/instytut\/wp-json\/wp\/v2\/users\/4"}],"replies":[{"embeddable":true,"href":"https:\/\/min-pan.krakow.pl\/instytut\/wp-json\/wp\/v2\/comments?post=2571"}],"version-history":[{"count":3,"href":"https:\/\/min-pan.krakow.pl\/instytut\/wp-json\/wp\/v2\/pages\/2571\/revisions"}],"predecessor-version":[{"id":2587,"href":"https:\/\/min-pan.krakow.pl\/instytut\/wp-json\/wp\/v2\/pages\/2571\/revisions\/2587"}],"up":[{"embeddable":true,"href":"https:\/\/min-pan.krakow.pl\/instytut\/wp-json\/wp\/v2\/pages\/1564"}],"wp:attachment":[{"href":"https:\/\/min-pan.krakow.pl\/instytut\/wp-json\/wp\/v2\/media?parent=2571"}],"curies":[{"name":"wp","href":"https:\/\/api.w.org\/{rel}","templated":true}]}}