{"id":2198,"date":"2022-05-06T10:39:50","date_gmt":"2022-05-06T08:39:50","guid":{"rendered":"https:\/\/min-pan.krakow.pl\/instytut\/?page_id=2198"},"modified":"2022-05-20T13:25:49","modified_gmt":"2022-05-20T11:25:49","slug":"zapytanie-nr-42-zapytanie-ofertowe-w-sprawie-realizacji-uslugi-dotyczacej-przeprowadzenia-badania-jakosciowego-i-ilosciowego-dotyczacego-poznania-preferencji-uzytkownikow-oraz-poziomu-akceptowalnosci","status":"publish","type":"page","link":"https:\/\/min-pan.krakow.pl\/instytut\/zamowienia-publiczne\/zapytania-ofertowe-2\/zapytanie-nr-42-zapytanie-ofertowe-w-sprawie-realizacji-uslugi-dotyczacej-przeprowadzenia-badania-jakosciowego-i-ilosciowego-dotyczacego-poznania-preferencji-uzytkownikow-oraz-poziomu-akceptowalnosci\/","title":{"rendered":"Zapytanie nr 42: Zapytanie ofertowe w sprawie realizacji us\u0142ugi dotycz\u0105cej przeprowadzenia badania jako\u015bciowego i ilo\u015bciowego dotycz\u0105cego poznania preferencji u\u017cytkownik\u00f3w oraz poziomu akceptowalno\u015bci spo\u0142ecznej opracowywanego w ramach projektu Kompleksowego Systemu Zbi\u00f3rki i Recyklingu Odpad\u00f3w"},"content":{"rendered":"<p><\/p>\n<p class=\"downloadElemContainer2\"><a class=\"downloadElem docx\" href=\"https:\/\/min-pan.krakow.pl\/instytut\/wp-content\/uploads\/sites\/2\/2022\/05\/Zapytanie-ofertowe.docx\" target=\"_blank\" rel=\"noopener noreferrer\">\u00a0<\/a><cite>Zapytanie ofertowe w sprawie realizacji us\u0142ugi dotycz\u0105cej przeprowadzenia badania jako\u015bciowego i ilo\u015bciowego dotycz\u0105cego poznania preferencji u\u017cytkownik\u00f3w oraz poziomu akceptowalno\u015bci spo\u0142ecznej opracowanego w ramach projektu Kompleksowego Systemu Zbi\u00f3rki Recyklingu Odpad\u00f3w<\/cite><\/p>\n<p class=\"downloadElemContainer2\"><a class=\"downloadElem jpg\" href=\"https:\/\/min-pan.krakow.pl\/instytut\/wp-content\/uploads\/sites\/2\/2022\/05\/Za\u0142\u0105cznik-nr-1-do-zapytanie-ofertowego.jpg\" target=\"_blank\" rel=\"noopener noreferrer\">\u00a0<\/a><cite>Za\u0142\u0105cznik nr 1 do zapytanie ofertowego (mapa)<\/cite><\/p>\n<p class=\"downloadElemContainer2\"><a class=\"downloadElem pdf\" href=\"https:\/\/min-pan.krakow.pl\/instytut\/wp-content\/uploads\/sites\/2\/2022\/05\/ZAWIADOMIENIE-O-WYBORZE-NAJKORZYSTNIEJSZEJ-OFERTY-42.pdf\" target=\"_blank\" rel=\"noopener noreferrer\">\u00a0<\/a><cite>ZAWIADOMIENIE O WYBORZE NAJKORZYSTNIEJSZEJ OFERTY 42<\/cite><\/p>\n<p><\/p>","protected":false},"excerpt":{"rendered":"<p>\u00a0Zapytanie ofertowe w sprawie realizacji us\u0142ugi dotycz\u0105cej przeprowadzenia badania jako\u015bciowego i ilo\u015bciowego dotycz\u0105cego poznania preferencji u\u017cytkownik\u00f3w oraz poziomu akceptowalno\u015bci spo\u0142ecznej opracowanego w ramach projektu Kompleksowego Systemu Zbi\u00f3rki Recyklingu Odpad\u00f3w \u00a0Za\u0142\u0105cznik nr 1 do zapytanie ofertowego (mapa) \u00a0ZAWIADOMIENIE O WYBORZE NAJKORZYSTNIEJSZEJ OFERTY 42<\/p>\n","protected":false},"author":4,"featured_media":0,"parent":1564,"menu_order":76,"comment_status":"closed","ping_status":"closed","template":"","meta":{"footnotes":""},"class_list":["post-2198","page","type-page","status-publish","hentry"],"_links":{"self":[{"href":"https:\/\/min-pan.krakow.pl\/instytut\/wp-json\/wp\/v2\/pages\/2198","targetHints":{"allow":["GET"]}}],"collection":[{"href":"https:\/\/min-pan.krakow.pl\/instytut\/wp-json\/wp\/v2\/pages"}],"about":[{"href":"https:\/\/min-pan.krakow.pl\/instytut\/wp-json\/wp\/v2\/types\/page"}],"author":[{"embeddable":true,"href":"https:\/\/min-pan.krakow.pl\/instytut\/wp-json\/wp\/v2\/users\/4"}],"replies":[{"embeddable":true,"href":"https:\/\/min-pan.krakow.pl\/instytut\/wp-json\/wp\/v2\/comments?post=2198"}],"version-history":[{"count":5,"href":"https:\/\/min-pan.krakow.pl\/instytut\/wp-json\/wp\/v2\/pages\/2198\/revisions"}],"predecessor-version":[{"id":2212,"href":"https:\/\/min-pan.krakow.pl\/instytut\/wp-json\/wp\/v2\/pages\/2198\/revisions\/2212"}],"up":[{"embeddable":true,"href":"https:\/\/min-pan.krakow.pl\/instytut\/wp-json\/wp\/v2\/pages\/1564"}],"wp:attachment":[{"href":"https:\/\/min-pan.krakow.pl\/instytut\/wp-json\/wp\/v2\/media?parent=2198"}],"curies":[{"name":"wp","href":"https:\/\/api.w.org\/{rel}","templated":true}]}}