{"id":2143,"date":"2022-04-04T16:56:58","date_gmt":"2022-04-04T14:56:58","guid":{"rendered":"https:\/\/min-pan.krakow.pl\/instytut\/?page_id=2143"},"modified":"2022-04-21T11:54:15","modified_gmt":"2022-04-21T09:54:15","slug":"zapytanie-nr-40-w-ramach-modernizacji-istniejacych-pomieszczen-laboratoryjnych-laboratorium-geotermalnego-na-remont-szklarni-w-laboratorium-geotermalnym-oddzial-zamiejscowy-igsmie-pan-w-banskiej-n","status":"publish","type":"page","link":"https:\/\/min-pan.krakow.pl\/instytut\/zamowienia-publiczne\/zapytania-ofertowe-2\/zapytanie-nr-40-w-ramach-modernizacji-istniejacych-pomieszczen-laboratoryjnych-laboratorium-geotermalnego-na-remont-szklarni-w-laboratorium-geotermalnym-oddzial-zamiejscowy-igsmie-pan-w-banskiej-n\/","title":{"rendered":"Zapytanie nr 40: w ramach Modernizacji istniej\u0105cych pomieszcze\u0144 laboratoryjnych Laboratorium Geotermalnego na Remont szklarni w Laboratorium Geotermalnym , Oddzia\u0142 Zamiejscowy IGSMiE  PAN w Ba\u0144skiej Ni\u017cnej \u2013 wykonanie nowego pokrycia dachowego z p\u0142yt  poliw\u0119glanowych"},"content":{"rendered":"<p><\/p>\n<p class=\"downloadElemContainer2\"><a class=\"downloadElem pdf\" href=\"https:\/\/min-pan.krakow.pl\/instytut\/wp-content\/uploads\/sites\/2\/2022\/04\/Zapytanie-ofertowe-nr-40-Remont-szklarni-w-Laboratorium-Geotermalnym-sig.pdf\" target=\"_blank\" rel=\"noopener noreferrer\">\u00a0<\/a><cite>Zapytanie ofertowe nr 40 &#8211; Remont szklarni w Laboratorium Geotermalnym-sig<\/cite><\/p>\n<p class=\"downloadElemContainer2\"><a class=\"downloadElem pdf\" href=\"https:\/\/min-pan.krakow.pl\/instytut\/wp-content\/uploads\/sites\/2\/2022\/04\/Og\u0142oszenie_BZ_nr102268_2022.04.04.pdf\" target=\"_blank\" rel=\"noopener noreferrer\">\u00a0<\/a><cite>Og\u0142oszenie_BZ_nr102268_2022.04.04<\/cite><\/p>\n<p class=\"downloadElemContainer2\"><a class=\"downloadElem pdf\" href=\"https:\/\/min-pan.krakow.pl\/instytut\/wp-content\/uploads\/sites\/2\/2022\/04\/Za\u0142\u0105cznik-nr-1-do-Zapytania-ofertowego-nr-40.pdf\" target=\"_blank\" rel=\"noopener noreferrer\">\u00a0<\/a><cite>Za\u0142\u0105cznik nr 1 do Zapytania ofertowego nr 40<\/cite><\/p>\n<p class=\"downloadElemContainer2\"><a class=\"downloadElem pdf\" href=\"https:\/\/min-pan.krakow.pl\/instytut\/wp-content\/uploads\/sites\/2\/2022\/04\/Za\u0142\u0105cznik-nr-2-do-Zapytania-ofertowego-nr-40.pdf\" target=\"_blank\" rel=\"noopener noreferrer\">\u00a0<\/a><cite>Za\u0142\u0105cznik nr 2 do Zapytania ofertowego nr 40<\/cite><\/p>\n<p class=\"downloadElemContainer2\"><a class=\"downloadElem docx\" href=\"https:\/\/min-pan.krakow.pl\/instytut\/wp-content\/uploads\/sites\/2\/2022\/04\/Za\u0142\u0105cznik-nr-3-do-Zapytania-ofertowego-nr-40.docx\" target=\"_blank\" rel=\"noopener noreferrer\">\u00a0<\/a><cite>Za\u0142\u0105cznik nr 3 do Zapytania ofertowego nr 40<\/cite><\/p>\n<p class=\"downloadElemContainer2\"><a class=\"downloadElem pdf\" href=\"https:\/\/min-pan.krakow.pl\/instytut\/wp-content\/uploads\/sites\/2\/2022\/04\/CZ-272-122_Odpowied\u017a-na-pytanie-z-dnia-08.04.2022-sig.pdf\" target=\"_blank\" rel=\"noopener noreferrer\">\u00a0<\/a><cite>CZ-272-122_Odpowied\u017a na pytanie z dnia 08.04.2022-sig<\/cite><\/p>\n<p class=\"downloadElemContainer2\"><a class=\"downloadElem pdf\" href=\"https:\/\/min-pan.krakow.pl\/instytut\/wp-content\/uploads\/sites\/2\/2022\/04\/CZ-272-1_22_Odpowied\u017a-na-pytanie-z-dnia-12.04.2022-sig.pdf\" target=\"_blank\" rel=\"noopener noreferrer\">\u00a0<\/a><cite>CZ-272-1_22_Odpowied\u017a na pytanie z dnia 12.04.2022-sig<\/cite><\/p>\n<p class=\"downloadElemContainer2\"><a class=\"downloadElem pdf\" href=\"https:\/\/min-pan.krakow.pl\/instytut\/wp-content\/uploads\/sites\/2\/2022\/04\/CZ-272_1_2022_Informacja-o-wyborze-najkorzystniejszej-oferty-sig.pdf\" target=\"_blank\" rel=\"noopener noreferrer\">\u00a0<\/a><cite>CZ-272_1_2022_Informacja o wyborze najkorzystniejszej oferty-sig<\/cite><\/p>\n<p><\/p>","protected":false},"excerpt":{"rendered":"<p>\u00a0Zapytanie ofertowe nr 40 &#8211; Remont szklarni w Laboratorium Geotermalnym-sig \u00a0Og\u0142oszenie_BZ_nr102268_2022.04.04 \u00a0Za\u0142\u0105cznik nr 1 do Zapytania ofertowego nr 40 \u00a0Za\u0142\u0105cznik nr 2 do Zapytania ofertowego nr 40 \u00a0Za\u0142\u0105cznik nr 3 do Zapytania ofertowego nr 40 \u00a0CZ-272-122_Odpowied\u017a na pytanie z dnia 08.04.2022-sig \u00a0CZ-272-1_22_Odpowied\u017a na pytanie z dnia 12.04.2022-sig \u00a0CZ-272_1_2022_Informacja o wyborze najkorzystniejszej oferty-sig<\/p>\n","protected":false},"author":11,"featured_media":0,"parent":1564,"menu_order":78,"comment_status":"closed","ping_status":"closed","template":"","meta":{"footnotes":""},"class_list":["post-2143","page","type-page","status-publish","hentry"],"_links":{"self":[{"href":"https:\/\/min-pan.krakow.pl\/instytut\/wp-json\/wp\/v2\/pages\/2143","targetHints":{"allow":["GET"]}}],"collection":[{"href":"https:\/\/min-pan.krakow.pl\/instytut\/wp-json\/wp\/v2\/pages"}],"about":[{"href":"https:\/\/min-pan.krakow.pl\/instytut\/wp-json\/wp\/v2\/types\/page"}],"author":[{"embeddable":true,"href":"https:\/\/min-pan.krakow.pl\/instytut\/wp-json\/wp\/v2\/users\/11"}],"replies":[{"embeddable":true,"href":"https:\/\/min-pan.krakow.pl\/instytut\/wp-json\/wp\/v2\/comments?post=2143"}],"version-history":[{"count":5,"href":"https:\/\/min-pan.krakow.pl\/instytut\/wp-json\/wp\/v2\/pages\/2143\/revisions"}],"predecessor-version":[{"id":2186,"href":"https:\/\/min-pan.krakow.pl\/instytut\/wp-json\/wp\/v2\/pages\/2143\/revisions\/2186"}],"up":[{"embeddable":true,"href":"https:\/\/min-pan.krakow.pl\/instytut\/wp-json\/wp\/v2\/pages\/1564"}],"wp:attachment":[{"href":"https:\/\/min-pan.krakow.pl\/instytut\/wp-json\/wp\/v2\/media?parent=2143"}],"curies":[{"name":"wp","href":"https:\/\/api.w.org\/{rel}","templated":true}]}}