{"id":2113,"date":"2022-03-23T14:40:11","date_gmt":"2022-03-23T13:40:11","guid":{"rendered":"https:\/\/min-pan.krakow.pl\/instytut\/?page_id=2113"},"modified":"2022-04-07T15:21:35","modified_gmt":"2022-04-07T13:21:35","slug":"zapytanie-nr-38-swiadczenie-uslug-tlumaczen-symultanicznych-i-konsekutywnych-podczas-trwania-szkolen-realizowanych-w-ramach-projektu-budowanie-zdolnosci-kluczowych-zainteresowanych-stron-w-dziedzin","status":"publish","type":"page","link":"https:\/\/min-pan.krakow.pl\/instytut\/zamowienia-publiczne\/zapytania-ofertowe-2\/zapytanie-nr-38-swiadczenie-uslug-tlumaczen-symultanicznych-i-konsekutywnych-podczas-trwania-szkolen-realizowanych-w-ramach-projektu-budowanie-zdolnosci-kluczowych-zainteresowanych-stron-w-dziedzin\/","title":{"rendered":"Zapytanie nr 38: \u015awiadczenie us\u0142ug t\u0142umacze\u0144 symultanicznych i konsekutywnych podczas trwania szkole\u0144 realizowanych w ramach projektu &#8222;Budowanie zdolno\u015bci kluczowych zainteresowanych stron w dziedzinie energii geotermalnej&#8221; znak sprawy: AF-411-13\/20"},"content":{"rendered":"<p><\/p>\n<p class=\"downloadElemContainer2\"><a class=\"downloadElem pdf\" href=\"https:\/\/min-pan.krakow.pl\/instytut\/wp-content\/uploads\/sites\/2\/2022\/03\/Zapytanie-ofertowe.pdf\" target=\"_blank\" rel=\"noopener noreferrer\">\u00a0<\/a><cite>Zapytanie ofertowe<\/cite><\/p>\n<p class=\"downloadElemContainer2\"><a class=\"downloadElem pdf\" href=\"https:\/\/min-pan.krakow.pl\/instytut\/wp-content\/uploads\/sites\/2\/2022\/03\/Za\u0142\u0105cznik-nr-1.pdf\" target=\"_blank\" rel=\"noopener noreferrer\">\u00a0<\/a><cite>Za\u0142\u0105cznik nr 1<\/cite><\/p>\n<p class=\"downloadElemContainer2\"><a class=\"downloadElem docx\" href=\"https:\/\/min-pan.krakow.pl\/instytut\/wp-content\/uploads\/sites\/2\/2022\/03\/Za\u0142\u0105cznik-nr-2-do-Og\u0142oszenia-znak-sprawy-AF-411-1320.docx\" target=\"_blank\" rel=\"noopener noreferrer\">\u00a0<\/a><cite>Za\u0142\u0105cznik nr 2 do Og\u0142oszenia znak sprawy AF-411-1320<\/cite><\/p>\n<p class=\"downloadElemContainer2\"><a class=\"downloadElem pdf\" href=\"https:\/\/min-pan.krakow.pl\/instytut\/wp-content\/uploads\/sites\/2\/2022\/04\/Zawiadomienie-o-wyborze-najkorzystniejszej-oferty-\u015awiadczenie-us\u0142ug-t\u0142umacze\u0144-symultanicznych-i-konsekutywnych.pdf\" target=\"_blank\" rel=\"noopener noreferrer\">\u00a0<\/a><cite>Zawiadomienie o wyborze najkorzystniejszej oferty &#8211; \u015awiadczenie us\u0142ug t\u0142umacze\u0144 symultanicznych i konsekutywnych<\/cite><\/p>\n<p class=\"downloadElemContainer2\">\n<p><\/p>","protected":false},"excerpt":{"rendered":"<p>\u00a0Zapytanie ofertowe \u00a0Za\u0142\u0105cznik nr 1 \u00a0Za\u0142\u0105cznik nr 2 do Og\u0142oszenia znak sprawy AF-411-1320 \u00a0Zawiadomienie o wyborze najkorzystniejszej oferty &#8211; \u015awiadczenie us\u0142ug t\u0142umacze\u0144 symultanicznych i konsekutywnych<\/p>\n","protected":false},"author":12,"featured_media":0,"parent":1564,"menu_order":80,"comment_status":"closed","ping_status":"closed","template":"","meta":{"footnotes":""},"class_list":["post-2113","page","type-page","status-publish","hentry"],"_links":{"self":[{"href":"https:\/\/min-pan.krakow.pl\/instytut\/wp-json\/wp\/v2\/pages\/2113","targetHints":{"allow":["GET"]}}],"collection":[{"href":"https:\/\/min-pan.krakow.pl\/instytut\/wp-json\/wp\/v2\/pages"}],"about":[{"href":"https:\/\/min-pan.krakow.pl\/instytut\/wp-json\/wp\/v2\/types\/page"}],"author":[{"embeddable":true,"href":"https:\/\/min-pan.krakow.pl\/instytut\/wp-json\/wp\/v2\/users\/12"}],"replies":[{"embeddable":true,"href":"https:\/\/min-pan.krakow.pl\/instytut\/wp-json\/wp\/v2\/comments?post=2113"}],"version-history":[{"count":3,"href":"https:\/\/min-pan.krakow.pl\/instytut\/wp-json\/wp\/v2\/pages\/2113\/revisions"}],"predecessor-version":[{"id":2155,"href":"https:\/\/min-pan.krakow.pl\/instytut\/wp-json\/wp\/v2\/pages\/2113\/revisions\/2155"}],"up":[{"embeddable":true,"href":"https:\/\/min-pan.krakow.pl\/instytut\/wp-json\/wp\/v2\/pages\/1564"}],"wp:attachment":[{"href":"https:\/\/min-pan.krakow.pl\/instytut\/wp-json\/wp\/v2\/media?parent=2113"}],"curies":[{"name":"wp","href":"https:\/\/api.w.org\/{rel}","templated":true}]}}