{"id":2,"date":"2017-11-08T14:35:36","date_gmt":"2017-11-08T13:35:36","guid":{"rendered":"https:\/\/min-pan.krakow.pl\/instytut\/?page_id=2"},"modified":"2019-08-01T15:32:43","modified_gmt":"2019-08-01T13:32:43","slug":"historia","status":"publish","type":"page","link":"https:\/\/min-pan.krakow.pl\/instytut\/historia\/","title":{"rendered":"Historia i zakres dzia\u0142alno\u015bci"},"content":{"rendered":"<p><\/p>\n<h2>Historia Instytutu i zakres dzia\u0142alno\u015bci<\/h2>\n<p>Na histori\u0119 naszego Instytutu sk\u0142ada si\u0119 kilka wydarze\u0144 zwi\u0105zanych ostatecznie z powstaniem samodzielnej jednostki naukowo-badawczej PAN:<\/p>\n<ul>\n<li>1986 \u2212\u00a0powstaje Zak\u0142ad Podstaw Gospodarki Surowcami Mineralnymi PAN,<\/li>\n<li>1988 \u2212 zaczyna dzia\u0142alno\u015b\u0107 Centrum Podstawowych Problem\u00f3w Gospodarki Surowcami Mineralnymi i Energi\u0105 PAN,<\/li>\n<li>1998 \u2212 to pocz\u0105tek Instytutu Gospodarki Surowcami Mineralnymi i Energi\u0105 PAN,<\/li>\n<li>2012 \u2212 uzyskali\u015bmy uprawnienia do nadawania stopnia doktora w dyscyplinie g\u00f3rnictwo i geologia in\u017cynierska,<\/li>\n<li>2016 \u2212 ma miejsce jubileusz trzydziestolecia dzia\u0142alno\u015bci,<\/li>\n<li>2017 \u2212 otrzymali\u015bmy prawo u\u017cywania presti\u017cowego logo Komisji Europejskiej \u201eHR Excellence in Research\u201d.<\/li>\n<\/ul>\n<p>Badania prowadzone w Instytucie charakteryzuj\u0105 si\u0119 interdyscyplinarno\u015bci\u0105 i\u00a0kompleksowo\u015bci\u0105. S\u0105 wykonywane w\u00a0pe\u0142nym cyklu \u2212 od bada\u0144 podstawowych do aplikacji.\u00a0Interdyscyplinarny charakter dzia\u0142alno\u015bci Instytutu obejmuje w szczeg\u00f3lno\u015bci takie obszary badawcze, jak:<\/p>\n<ul>\n<li>g\u00f3rnictwo,<\/li>\n<li>energetyka, w tym\u00a0odnawialne \u017ar\u00f3d\u0142a energii i geotermia,<\/li>\n<li>geofizyka,<\/li>\n<li>geologia stosowana,<\/li>\n<li>in\u017cynieria i ochrona \u015brodowiska,<\/li>\n<li>technologia chemiczna i in\u017cynieria materia\u0142owa.<\/li>\n<\/ul>\n<p>Warto podkre\u015bli\u0107, \u017ce Instytut jest prekursorem wykorzystania w Polsce energii geotermalnej. W\u00a0roku 1993 zaprojektowano i zbudowano pierwszy do\u015bwiadczalny zak\u0142ad geotermalny w Ba\u0144skiej Ni\u017cnej-Bia\u0142ym Dunajcu, bazuj\u0105cy na dw\u00f3ch g\u0142\u0119bokich otworach. Instalacja ta jest obecnie eksploatowana dla potrzeb ciep\u0142ownictwa oraz s\u0142u\u017cy jako laboratorium geotermalne do bada\u0144.<\/p>","protected":false},"excerpt":{"rendered":"<p>Historia Instytutu i zakres dzia\u0142alno\u015bci Na histori\u0119 naszego Instytutu sk\u0142ada si\u0119 kilka wydarze\u0144 zwi\u0105zanych ostatecznie z powstaniem samodzielnej jednostki naukowo-badawczej PAN: 1986 \u2212\u00a0powstaje Zak\u0142ad Podstaw Gospodarki Surowcami Mineralnymi PAN, 1988 \u2212 zaczyna dzia\u0142alno\u015b\u0107 Centrum Podstawowych Problem\u00f3w Gospodarki Surowcami Mineralnymi i Energi\u0105 PAN, 1998 \u2212 to pocz\u0105tek Instytutu Gospodarki Surowcami Mineralnymi i Energi\u0105 PAN, 2012 \u2212 [&hellip;]<\/p>\n","protected":false},"author":1,"featured_media":0,"parent":0,"menu_order":131,"comment_status":"closed","ping_status":"open","template":"","meta":{"footnotes":""},"class_list":["post-2","page","type-page","status-publish","hentry"],"_links":{"self":[{"href":"https:\/\/min-pan.krakow.pl\/instytut\/wp-json\/wp\/v2\/pages\/2","targetHints":{"allow":["GET"]}}],"collection":[{"href":"https:\/\/min-pan.krakow.pl\/instytut\/wp-json\/wp\/v2\/pages"}],"about":[{"href":"https:\/\/min-pan.krakow.pl\/instytut\/wp-json\/wp\/v2\/types\/page"}],"author":[{"embeddable":true,"href":"https:\/\/min-pan.krakow.pl\/instytut\/wp-json\/wp\/v2\/users\/1"}],"replies":[{"embeddable":true,"href":"https:\/\/min-pan.krakow.pl\/instytut\/wp-json\/wp\/v2\/comments?post=2"}],"version-history":[{"count":41,"href":"https:\/\/min-pan.krakow.pl\/instytut\/wp-json\/wp\/v2\/pages\/2\/revisions"}],"predecessor-version":[{"id":710,"href":"https:\/\/min-pan.krakow.pl\/instytut\/wp-json\/wp\/v2\/pages\/2\/revisions\/710"}],"wp:attachment":[{"href":"https:\/\/min-pan.krakow.pl\/instytut\/wp-json\/wp\/v2\/media?parent=2"}],"curies":[{"name":"wp","href":"https:\/\/api.w.org\/{rel}","templated":true}]}}

Historia i zakres działalności

<p></p>
<h2>Historia Instytutu i zakres działalności</h2>
<p>Na historię naszego Instytutu składa się kilka wydarzeń związanych ostatecznie z powstaniem samodzielnej jednostki naukowo-badawczej PAN:</p>
<ul>
<li>1986 − powstaje Zakład Podstaw Gospodarki Surowcami Mineralnymi PAN,</li>
<li>1988 − zaczyna działalność Centrum Podstawowych Problemów Gospodarki Surowcami Mineralnymi i Energią PAN,</li>
<li>1998 − to początek Instytutu Gospodarki Surowcami Mineralnymi i Energią PAN,</li>
<li>2012 − uzyskaliśmy uprawnienia do nadawania stopnia doktora w dyscyplinie górnictwo i geologia inżynierska,</li>
<li>2016 − ma miejsce jubileusz trzydziestolecia działalności,</li>
<li>2017 − otrzymaliśmy prawo używania prestiżowego logo Komisji Europejskiej „HR Excellence in Research”.</li>
</ul>
<p>Badania prowadzone w Instytucie charakteryzują się interdyscyplinarnością i kompleksowością. Są wykonywane w pełnym cyklu − od badań podstawowych do aplikacji. Interdyscyplinarny charakter działalności Instytutu obejmuje w szczególności takie obszary badawcze, jak:</p>
<ul>
<li>górnictwo,</li>
<li>energetyka, w tym odnawialne źródła energii i geotermia,</li>
<li>geofizyka,</li>
<li>geologia stosowana,</li>
<li>inżynieria i ochrona środowiska,</li>
<li>technologia chemiczna i inżynieria materiałowa.</li>
</ul>
<p>Warto podkreślić, że Instytut jest prekursorem wykorzystania w Polsce energii geotermalnej. W roku 1993 zaprojektowano i zbudowano pierwszy doświadczalny zakład geotermalny w Bańskiej Niżnej-Białym Dunajcu, bazujący na dwóch głębokich otworach. Instalacja ta jest obecnie eksploatowana dla potrzeb ciepłownictwa oraz służy jako laboratorium geotermalne do badań.</p>

<p>Historia Instytutu i zakres działalności Na historię naszego Instytutu składa się kilka wydarzeń związanych ostatecznie z powstaniem samodzielnej jednostki naukowo-badawczej PAN: 1986 − powstaje Zakład Podstaw Gospodarki Surowcami Mineralnymi PAN, 1988 − zaczyna działalność Centrum Podstawowych Problemów Gospodarki Surowcami Mineralnymi i Energią PAN, 1998 − to początek Instytutu Gospodarki Surowcami Mineralnymi i Energią PAN, 2012 − [&hellip;]</p>
