{"id":1844,"date":"2021-08-16T09:05:35","date_gmt":"2021-08-16T07:05:35","guid":{"rendered":"https:\/\/min-pan.krakow.pl\/instytut\/?page_id=1844"},"modified":"2021-09-01T13:18:58","modified_gmt":"2021-09-01T11:18:58","slug":"zapytanie-nr-19-zapytanie-ofertowe-w-sprawie-realizacji-uslugi-dotyczacej-organizacji-miedzynarodowej-konferencji-naukowej-pt-innowacyjne-pomysly-mlodych-naukowcow-nauka-startu-2-3-2-2-2-2","status":"publish","type":"page","link":"https:\/\/min-pan.krakow.pl\/instytut\/zamowienia-publiczne\/zapytania-ofertowe-2\/zapytanie-nr-19-zapytanie-ofertowe-w-sprawie-realizacji-uslugi-dotyczacej-organizacji-miedzynarodowej-konferencji-naukowej-pt-innowacyjne-pomysly-mlodych-naukowcow-nauka-startu-2-3-2-2-2-2\/","title":{"rendered":"Zapytanie nr 27- Zapytanie ofertowe w sprawie realizacji us\u0142ugi dotycza\u0328cej organizacji konferencji\u00a0 naukowej  \u201eGospodarka o obiegu zamkni\u0119tym \u2013 racjonalne gospodarowanie zasobami\u201d  w ramach konferencji ko\u0144cz\u0105cej projekt Gospostrateg \u201eOto- GOZ\u201d"},"content":{"rendered":"<p><strong>Zapytanie nr 27<\/strong><\/p>\n<p class=\"downloadElemContainer2\"><a class=\"downloadElem pdf\" href=\"https:\/\/min-pan.krakow.pl\/instytut\/wp-content\/uploads\/sites\/2\/2021\/08\/Zapytanie-ofertowe-w-sprawie-realizacji-us\u0142ugi-dotycza\u0328cej_przeprowadzenia-warsztat\u00f3w.pdf\" target=\"_blank\" rel=\"noopener noreferrer\">\u00a0<\/a><cite>Zapytanie ofertowe w sprawie realizacji us\u0142ugi dotycza\u0328cej\u00a0organizacji konferencji naukowej &#8222;Gospodarka o obiegu zamkni\u0119tym &#8211; racjonalne gospodarowanie zasobami&#8221; w ramach konferencji ko\u0144cz\u0105cej projekt Gospostrateg &#8222;Oto &#8211; GOZ&#8221;\u00a0<\/cite><\/p>\n<p><strong>Wyb\u00f3r najkorzystniejszej oferty\u00a0<\/strong><\/p>\n<p class=\"downloadElemContainer2\"><a class=\"downloadElem pdf\" href=\"https:\/\/min-pan.krakow.pl\/instytut\/wp-content\/uploads\/sites\/2\/2021\/09\/Zawiadomienie-o-wyborze-najkorzystniejszej-oferty-dot.-zapytania-ofertowego.pdf\" target=\"_blank\" rel=\"noopener noreferrer\">\u00a0<\/a><cite>Zawiadomienie o wyborze najkorzystniejszej oferty do zapytania ofertowego w sprawie realizacji us\u0142ugi dotycz\u0105cej organizacji konferencji naukowej &#8221; Gospodarka o obiegu zamkni\u0119tym &#8211; racjonalne gospodarowanie zasobami&#8221; w ramach konferencji ko\u0144cz\u0105cej projekt Gospostrateg &#8222;Oto- GOZ&#8221;\u00a0<\/cite><\/p>\n<p><\/p>","protected":false},"excerpt":{"rendered":"<p>Zapytanie nr 27 \u00a0Zapytanie ofertowe w sprawie realizacji us\u0142ugi dotycza\u0328cej\u00a0organizacji konferencji naukowej &#8222;Gospodarka o obiegu zamkni\u0119tym &#8211; racjonalne gospodarowanie zasobami&#8221; w ramach konferencji ko\u0144cz\u0105cej projekt Gospostrateg &#8222;Oto &#8211; GOZ&#8221;\u00a0 Wyb\u00f3r najkorzystniejszej oferty\u00a0 \u00a0Zawiadomienie o wyborze najkorzystniejszej oferty do zapytania ofertowego w sprawie realizacji us\u0142ugi dotycz\u0105cej organizacji konferencji naukowej &#8221; Gospodarka o obiegu zamkni\u0119tym &#8211; racjonalne [&hellip;]<\/p>\n","protected":false},"author":8,"featured_media":0,"parent":1564,"menu_order":93,"comment_status":"closed","ping_status":"closed","template":"templates\/template-document.php","meta":{"footnotes":""},"class_list":["post-1844","page","type-page","status-publish","hentry"],"_links":{"self":[{"href":"https:\/\/min-pan.krakow.pl\/instytut\/wp-json\/wp\/v2\/pages\/1844","targetHints":{"allow":["GET"]}}],"collection":[{"href":"https:\/\/min-pan.krakow.pl\/instytut\/wp-json\/wp\/v2\/pages"}],"about":[{"href":"https:\/\/min-pan.krakow.pl\/instytut\/wp-json\/wp\/v2\/types\/page"}],"author":[{"embeddable":true,"href":"https:\/\/min-pan.krakow.pl\/instytut\/wp-json\/wp\/v2\/users\/8"}],"replies":[{"embeddable":true,"href":"https:\/\/min-pan.krakow.pl\/instytut\/wp-json\/wp\/v2\/comments?post=1844"}],"version-history":[{"count":4,"href":"https:\/\/min-pan.krakow.pl\/instytut\/wp-json\/wp\/v2\/pages\/1844\/revisions"}],"predecessor-version":[{"id":1865,"href":"https:\/\/min-pan.krakow.pl\/instytut\/wp-json\/wp\/v2\/pages\/1844\/revisions\/1865"}],"up":[{"embeddable":true,"href":"https:\/\/min-pan.krakow.pl\/instytut\/wp-json\/wp\/v2\/pages\/1564"}],"wp:attachment":[{"href":"https:\/\/min-pan.krakow.pl\/instytut\/wp-json\/wp\/v2\/media?parent=1844"}],"curies":[{"name":"wp","href":"https:\/\/api.w.org\/{rel}","templated":true}]}}