{"id":1693,"date":"2021-04-04T20:39:16","date_gmt":"2021-04-04T18:39:16","guid":{"rendered":"https:\/\/min-pan.krakow.pl\/instytut\/?page_id=1693"},"modified":"2021-04-29T10:01:16","modified_gmt":"2021-04-29T08:01:16","slug":"zapytanie-nr-19-zapytanie-ofertowe-w-sprawie-realizacji-uslugi-dotyczacej-organizacji-miedzynarodowej-konferencji-naukowej-pt-innowacyjne-pomysly-mlodych-naukowcow-nauka-startu-2-2-2","status":"publish","type":"page","link":"https:\/\/min-pan.krakow.pl\/instytut\/zamowienia-publiczne\/zapytania-ofertowe-2\/zapytanie-nr-19-zapytanie-ofertowe-w-sprawie-realizacji-uslugi-dotyczacej-organizacji-miedzynarodowej-konferencji-naukowej-pt-innowacyjne-pomysly-mlodych-naukowcow-nauka-startu-2-2-2\/","title":{"rendered":"Zapytanie nr 21- Zapytanie ofertowe w sprawie realizacji us\u0142ugi przeprowadzenia badania ankietowego w zakresie monitorowania gospodarki o obiegu zamkni\u0119tym (GOZ) przez podmioty gospodarcze  z wojew\u00f3dztwa \u015aWI\u0118TOKRZYSKIEGO z wybranych 5 bran\u017c przemys\u0142u (budownictwo, energetyka, chemiczna, rolno-spo\u017cywcza, wydobywcza)"},"content":{"rendered":"<p><strong>Zapytanie nr 21<\/strong><\/p>\n<p class=\"downloadElemContainer2\"><a class=\"downloadElem docx\" href=\"https:\/\/min-pan.krakow.pl\/instytut\/wp-content\/uploads\/sites\/2\/2021\/04\/Zapytanie-ofertowe-ankietowanie-\u015awi\u0119tokrzyskie.docx\" target=\"_blank\" rel=\"noopener noreferrer\">\u00a0<\/a><cite>Zapytanie w sprawie realizacji us\u0142ugi przeprowadzenia badania ankietowego w zakresie monitorowania gospodarki o obiegu zamkni\u0119tym (GOZ) przez podmioty gospodarcze z wojew\u00f3dztwa \u015awi\u0119tokrzyskiego z wybranych 5 bran\u017c przemys\u0142u ( budownictwo, energetyka, chemiczna, rolno-spo\u017cywcza, wydobywcza).<\/cite><\/p>\n<p><strong>Uniewa\u017cnienie post\u0119powania\u00a0<\/strong><\/p>\n<p class=\"downloadElemContainer2\"><a class=\"downloadElem docx\" href=\"https:\/\/min-pan.krakow.pl\/instytut\/wp-content\/uploads\/sites\/2\/2021\/04\/Uniewa\u017cnienie-post\u0119powania-Swietokrzyskie.docx\" target=\"_blank\" rel=\"noopener noreferrer\">\u00a0<\/a><cite>Uniewa\u017cnienie post\u0119powania zapytania ofertowego w sprawie realizacji us\u0142ugi przeprowadzenia badania ankietowego w zakresie monitorowania gospodarki o obiegu zamkni\u0119tym (GOZ) przez podmioty gospodarcze z wojew\u00f3dztwa \u015awi\u0119tokrzyskiego z wybranych 5 bran\u017c przemys\u0142u ( budownictwo, energetyka, chemiczna, rolno-spo\u017cywcza, wydobywcza).\u00a0<\/cite><\/p>\n<p><\/p>","protected":false},"excerpt":{"rendered":"<p>Zapytanie nr 21 \u00a0Zapytanie w sprawie realizacji us\u0142ugi przeprowadzenia badania ankietowego w zakresie monitorowania gospodarki o obiegu zamkni\u0119tym (GOZ) przez podmioty gospodarcze z wojew\u00f3dztwa \u015awi\u0119tokrzyskiego z wybranych 5 bran\u017c przemys\u0142u ( budownictwo, energetyka, chemiczna, rolno-spo\u017cywcza, wydobywcza). Uniewa\u017cnienie post\u0119powania\u00a0 \u00a0Uniewa\u017cnienie post\u0119powania zapytania ofertowego w sprawie realizacji us\u0142ugi przeprowadzenia badania ankietowego w zakresie monitorowania gospodarki o obiegu [&hellip;]<\/p>\n","protected":false},"author":8,"featured_media":0,"parent":1564,"menu_order":99,"comment_status":"closed","ping_status":"closed","template":"templates\/template-document.php","meta":{"footnotes":""},"class_list":["post-1693","page","type-page","status-publish","hentry"],"_links":{"self":[{"href":"https:\/\/min-pan.krakow.pl\/instytut\/wp-json\/wp\/v2\/pages\/1693","targetHints":{"allow":["GET"]}}],"collection":[{"href":"https:\/\/min-pan.krakow.pl\/instytut\/wp-json\/wp\/v2\/pages"}],"about":[{"href":"https:\/\/min-pan.krakow.pl\/instytut\/wp-json\/wp\/v2\/types\/page"}],"author":[{"embeddable":true,"href":"https:\/\/min-pan.krakow.pl\/instytut\/wp-json\/wp\/v2\/users\/8"}],"replies":[{"embeddable":true,"href":"https:\/\/min-pan.krakow.pl\/instytut\/wp-json\/wp\/v2\/comments?post=1693"}],"version-history":[{"count":4,"href":"https:\/\/min-pan.krakow.pl\/instytut\/wp-json\/wp\/v2\/pages\/1693\/revisions"}],"predecessor-version":[{"id":1749,"href":"https:\/\/min-pan.krakow.pl\/instytut\/wp-json\/wp\/v2\/pages\/1693\/revisions\/1749"}],"up":[{"embeddable":true,"href":"https:\/\/min-pan.krakow.pl\/instytut\/wp-json\/wp\/v2\/pages\/1564"}],"wp:attachment":[{"href":"https:\/\/min-pan.krakow.pl\/instytut\/wp-json\/wp\/v2\/media?parent=1693"}],"curies":[{"name":"wp","href":"https:\/\/api.w.org\/{rel}","templated":true}]}}