{"id":1582,"date":"2021-01-27T10:52:20","date_gmt":"2021-01-27T09:52:20","guid":{"rendered":"https:\/\/min-pan.krakow.pl\/instytut\/?page_id=1582"},"modified":"2021-02-09T12:43:19","modified_gmt":"2021-02-09T11:43:19","slug":"zapytanie-nr-5-zapytanie-ofertowe-w-sprawie-realizacji-uslugi-dotyczacej-zorganizowania-trzech-webinariow-tematycznych-dla-branzy-wydobywczej-pt-gospodarka-o-obiegu-zamknietym-w-branzy-wydobywczej","status":"publish","type":"page","link":"https:\/\/min-pan.krakow.pl\/instytut\/zamowienia-publiczne\/zapytania-ofertowe-2\/zapytanie-nr-5-zapytanie-ofertowe-w-sprawie-realizacji-uslugi-dotyczacej-zorganizowania-trzech-webinariow-tematycznych-dla-branzy-wydobywczej-pt-gospodarka-o-obiegu-zamknietym-w-branzy-wydobywczej\/","title":{"rendered":"Zapytanie nr 5 &#8211; Zapytanie ofertowe w sprawie realizacji us\u0142ugi dotycz\u0105cej: zorganizowania trzech webinari\u00f3w tematycznych dla bran\u017cy wydobywczej pt. Gospodarka o obiegu zamkni\u0119tym w bran\u017cy wydobywczej \u2013 strategie, praktyki i zasady monitorowania."},"content":{"rendered":"<p><strong>Zapytanie nr 5<\/strong><\/p>\n<p class=\"downloadElemContainer2\"><a class=\"downloadElem docx\" href=\"https:\/\/min-pan.krakow.pl\/instytut\/wp-content\/uploads\/sites\/2\/2021\/01\/Zapytanie-ofertowe-w-sprawie-realizacji-us%C5%82ugi-dotycz%C4%85cej-zorganizowania-trzech-webinari%C3%B3w-tematycznych-dla-bran%C5%BCy-wydobywczej.docx\" target=\"_blank\" rel=\"noopener noreferrer\">\u00a0<\/a><cite>Zapytanie ofertowe w sprawie realizacji us\u0142ugi dotycz\u0105cej: zorganizowania trzech webinari\u00f3w tematycznych dla bran\u017cy wydobywczej pt. Gospodarka o obiegu zamkni\u0119tym w bran\u017cy wydobywczej \u2013 strategie, praktyki i zasady monitorowania.<\/cite><\/p>\n<p><strong>Wyb\u00f3r najkorzystniejszej oferty:\u00a0<\/strong><\/p>\n<p class=\"downloadElemContainer2\"><a class=\"downloadElem pdf\" href=\"https:\/\/min-pan.krakow.pl\/instytut\/wp-content\/uploads\/sites\/2\/2021\/02\/Protok\u00f3\u0142-post\u0119powania-do-zapytania-ofertowego-w-sprawie-zorganizowania-trzech-webinari\u00f3w-tematycznych.pdf\" target=\"_blank\" rel=\"noopener noreferrer\">\u00a0<\/a><cite>Protok\u00f3\u0142 post\u0119powania do zapytania ofertowego w sprawie: zorganizowania trzech webinari\u00f3w tematycznych dla bran\u017cy wydobywczej pt. Gospodarka o obiegu zamkni\u0119tym w bran\u017cy wydobywczej- strategie, praktyki i zasady monitorowania.\u00a0<\/cite><\/p>\n<p><\/p>","protected":false},"excerpt":{"rendered":"<p>Zapytanie nr 5 \u00a0Zapytanie ofertowe w sprawie realizacji us\u0142ugi dotycz\u0105cej: zorganizowania trzech webinari\u00f3w tematycznych dla bran\u017cy wydobywczej pt. Gospodarka o obiegu zamkni\u0119tym w bran\u017cy wydobywczej \u2013 strategie, praktyki i zasady monitorowania. Wyb\u00f3r najkorzystniejszej oferty:\u00a0 \u00a0Protok\u00f3\u0142 post\u0119powania do zapytania ofertowego w sprawie: zorganizowania trzech webinari\u00f3w tematycznych dla bran\u017cy wydobywczej pt. Gospodarka o obiegu zamkni\u0119tym w bran\u017cy [&hellip;]<\/p>\n","protected":false},"author":1,"featured_media":0,"parent":1564,"menu_order":115,"comment_status":"closed","ping_status":"closed","template":"templates\/template-document.php","meta":{"footnotes":""},"class_list":["post-1582","page","type-page","status-publish","hentry"],"_links":{"self":[{"href":"https:\/\/min-pan.krakow.pl\/instytut\/wp-json\/wp\/v2\/pages\/1582","targetHints":{"allow":["GET"]}}],"collection":[{"href":"https:\/\/min-pan.krakow.pl\/instytut\/wp-json\/wp\/v2\/pages"}],"about":[{"href":"https:\/\/min-pan.krakow.pl\/instytut\/wp-json\/wp\/v2\/types\/page"}],"author":[{"embeddable":true,"href":"https:\/\/min-pan.krakow.pl\/instytut\/wp-json\/wp\/v2\/users\/1"}],"replies":[{"embeddable":true,"href":"https:\/\/min-pan.krakow.pl\/instytut\/wp-json\/wp\/v2\/comments?post=1582"}],"version-history":[{"count":4,"href":"https:\/\/min-pan.krakow.pl\/instytut\/wp-json\/wp\/v2\/pages\/1582\/revisions"}],"predecessor-version":[{"id":1643,"href":"https:\/\/min-pan.krakow.pl\/instytut\/wp-json\/wp\/v2\/pages\/1582\/revisions\/1643"}],"up":[{"embeddable":true,"href":"https:\/\/min-pan.krakow.pl\/instytut\/wp-json\/wp\/v2\/pages\/1564"}],"wp:attachment":[{"href":"https:\/\/min-pan.krakow.pl\/instytut\/wp-json\/wp\/v2\/media?parent=1582"}],"curies":[{"name":"wp","href":"https:\/\/api.w.org\/{rel}","templated":true}]}}