{"id":1576,"date":"2021-01-27T10:50:49","date_gmt":"2021-01-27T09:50:49","guid":{"rendered":"https:\/\/min-pan.krakow.pl\/instytut\/?page_id=1576"},"modified":"2021-02-05T13:22:55","modified_gmt":"2021-02-05T12:22:55","slug":"zapytanie-nr-2-zapytanie-ofertowe-w-sprawie-realizacji-uslugi-dotyczacej-zorganizowania-trzech-webinariow-tematycznych-dla-branzy-rolno-spozywczej-pt-gospodarka-o-obiegu-zamknietym-w-branzy","status":"publish","type":"page","link":"https:\/\/min-pan.krakow.pl\/instytut\/zamowienia-publiczne\/zapytania-ofertowe-2\/zapytanie-nr-2-zapytanie-ofertowe-w-sprawie-realizacji-uslugi-dotyczacej-zorganizowania-trzech-webinariow-tematycznych-dla-branzy-rolno-spozywczej-pt-gospodarka-o-obiegu-zamknietym-w-branzy\/","title":{"rendered":"Zapytanie nr 2 &#8211; Zapytanie ofertowe w sprawie realizacji us\u0142ugi dotycz\u0105cej: zorganizowania\u00a0 trzech webinari\u00f3w tematycznych dla bran\u017cy rolno-spo\u017cywczej pt. Gospodarka o obiegu zamkni\u0119tym w bran\u017cy rolno-spo\u017cywczej &#8211; strategie, praktyki i zasady monitorowania."},"content":{"rendered":"<p><span style=\"text-decoration: underline\"><strong>Zapytanie nr 2<\/strong><\/span><\/p>\n<p class=\"downloadElemContainer2\"><a class=\"downloadElem docx\" href=\"http:\/\/igsmie.yoho.pl\/instytut\/wp-content\/uploads\/sites\/2\/2021\/01\/Zapytanie-ofertowe-w-sprawie-realizacji-us\u0142ugi-dotycz\u0105cej-przeprowadzenia-webinarium-bran\u017ca-rolno-spo\u017cywcza.docx\" target=\"_blank\" rel=\"noopener noreferrer\">\u00a0<\/a><cite>Zapytanie-ofertowe-w-sprawie-realizacji-us\u0142ugi-dotycz\u0105cej-przeprowadzenia-webinarium-bran\u017ca-rolno-spo\u017cywcza<\/cite><\/p>\n<p><strong>Wyb\u00f3r najkorzystniejszej oferty\u00a0<\/strong><\/p>\n<p class=\"downloadElemContainer2\"><a class=\"downloadElem pdf\" href=\"https:\/\/min-pan.krakow.pl\/instytut\/wp-content\/uploads\/sites\/2\/2021\/02\/Protok\u00f3\u0142-post\u0119powania-dotycz\u0105cy-zapytania-ofertowego-zorganizowania-trzech-webinari\u00f3w-tematycznych-dla-bran\u017cy-.pdf\" target=\"_blank\" rel=\"noopener noreferrer\">\u00a0<\/a><cite>Protok\u00f3\u0142 post\u0119powania dotycz\u0105cy zapytania ofertowego zorganizowania trzech webinari\u00f3w tematycznych dla bran\u017cy rolno-spo\u017cywczej pt. Gospodarka o obiegu zamkni\u0119tym w bran\u017cy rolno-spo\u017cywczej &#8211; strategie, praktyki i zasady monitorowania.\u00a0<\/cite><\/p>\n<p>&nbsp;<\/p>","protected":false},"excerpt":{"rendered":"<p>Zapytanie nr 2 \u00a0Zapytanie-ofertowe-w-sprawie-realizacji-us\u0142ugi-dotycz\u0105cej-przeprowadzenia-webinarium-bran\u017ca-rolno-spo\u017cywcza Wyb\u00f3r najkorzystniejszej oferty\u00a0 \u00a0Protok\u00f3\u0142 post\u0119powania dotycz\u0105cy zapytania ofertowego zorganizowania trzech webinari\u00f3w tematycznych dla bran\u017cy rolno-spo\u017cywczej pt. Gospodarka o obiegu zamkni\u0119tym w bran\u017cy rolno-spo\u017cywczej &#8211; strategie, praktyki i zasady monitorowania.\u00a0 &nbsp;<\/p>\n","protected":false},"author":1,"featured_media":0,"parent":1564,"menu_order":118,"comment_status":"closed","ping_status":"closed","template":"templates\/template-document.php","meta":{"footnotes":""},"class_list":["post-1576","page","type-page","status-publish","hentry"],"_links":{"self":[{"href":"https:\/\/min-pan.krakow.pl\/instytut\/wp-json\/wp\/v2\/pages\/1576","targetHints":{"allow":["GET"]}}],"collection":[{"href":"https:\/\/min-pan.krakow.pl\/instytut\/wp-json\/wp\/v2\/pages"}],"about":[{"href":"https:\/\/min-pan.krakow.pl\/instytut\/wp-json\/wp\/v2\/types\/page"}],"author":[{"embeddable":true,"href":"https:\/\/min-pan.krakow.pl\/instytut\/wp-json\/wp\/v2\/users\/1"}],"replies":[{"embeddable":true,"href":"https:\/\/min-pan.krakow.pl\/instytut\/wp-json\/wp\/v2\/comments?post=1576"}],"version-history":[{"count":2,"href":"https:\/\/min-pan.krakow.pl\/instytut\/wp-json\/wp\/v2\/pages\/1576\/revisions"}],"predecessor-version":[{"id":1632,"href":"https:\/\/min-pan.krakow.pl\/instytut\/wp-json\/wp\/v2\/pages\/1576\/revisions\/1632"}],"up":[{"embeddable":true,"href":"https:\/\/min-pan.krakow.pl\/instytut\/wp-json\/wp\/v2\/pages\/1564"}],"wp:attachment":[{"href":"https:\/\/min-pan.krakow.pl\/instytut\/wp-json\/wp\/v2\/media?parent=1576"}],"curies":[{"name":"wp","href":"https:\/\/api.w.org\/{rel}","templated":true}]}}