{"id":1572,"date":"2021-01-27T10:49:12","date_gmt":"2021-01-27T09:49:12","guid":{"rendered":"https:\/\/min-pan.krakow.pl\/instytut\/?page_id=1572"},"modified":"2021-01-27T10:49:12","modified_gmt":"2021-01-27T09:49:12","slug":"postepowanie-o-udzielenie-zamowienia_prace-remontowe-i-przebudowa-pomieszczen-biurowych_iii-p-w-igsmie-pan","status":"publish","type":"page","link":"https:\/\/min-pan.krakow.pl\/instytut\/zamowienia-publiczne\/zamowienia-pzp-3\/postepowanie-o-udzielenie-zamowienia_prace-remontowe-i-przebudowa-pomieszczen-biurowych_iii-p-w-igsmie-pan\/","title":{"rendered":"Post\u0119powanie o udzielenie zam\u00f3wienia_Prace remontowe i przebudowa pomieszcze\u0144 biurowych_III p w IGSMiE PAN"},"content":{"rendered":"<p><span style=\"color: #333399;\"><strong>Post\u0119powanie o udzielenie zam\u00f3wienia_Prace remontowe i przebudowa pomieszcze\u0144 biurowych_III p w IGSMiE PAN<\/strong><\/span><\/p>\n<p class=\"downloadElemContainer2\"><a class=\"downloadElem pdf\" href=\"https:\/\/min-pan.krakow.pl\/instytut\/wp-content\/uploads\/sites\/2\/2019\/09\/SIWZ_znak-sprawy-AO-271-15-2019.pdf\" target=\"_blank\" rel=\"noopener noreferrer\">\u00a0<\/a><cite>SIWZ_znak sprawy AO-271-15-2019<\/cite><\/p>\n<p class=\"downloadElemContainer2\"><a class=\"downloadElem pdf\" href=\"https:\/\/min-pan.krakow.pl\/instytut\/wp-content\/uploads\/sites\/2\/2019\/09\/Za\u0142\u0105cznik-nr-1-do-SIWZ-Opis-przedmiotu-zamowienia_znak-sprawy-AO-271-15-2019.pdf\" target=\"_blank\" rel=\"noopener noreferrer\">\u00a0<\/a><cite>Za\u0142\u0105cznik nr 1 do SIWZ Opis przedmiotu zamowienia_znak sprawy AO-271-15-2019<\/cite><\/p>\n<p class=\"downloadElemContainer2\"><a class=\"downloadElem docx\" href=\"https:\/\/min-pan.krakow.pl\/instytut\/wp-content\/uploads\/sites\/2\/2019\/09\/Za\u0142\u0105cznik-nr-2-do-SIWZ-O\u015bwiadczenie-wykonawcy_przes\u0142anki-wykluczenia_znak-sprawy-AO-271-15-2019.docx\" target=\"_blank\" rel=\"noopener noreferrer\">\u00a0<\/a><cite>Za\u0142\u0105cznik nr 2 do SIWZ O\u015bwiadczenie wykonawcy_przes\u0142anki wykluczenia_znak sprawy AO-271-15-2019<\/cite><\/p>\n<p class=\"downloadElemContainer2\"><a class=\"downloadElem docx\" href=\"https:\/\/min-pan.krakow.pl\/instytut\/wp-content\/uploads\/sites\/2\/2019\/09\/Za\u0142\u0105cznik-nr-3-do-SIWZ-O\u015bwiadczenie-wykonawcy_warunki-udzia\u0142u-w-post\u0119powaniu_znak-sprawy-AO-271-15-2019.docx\" target=\"_blank\" rel=\"noopener noreferrer\">\u00a0<\/a><cite>Za\u0142\u0105cznik nr 3 do SIWZ O\u015bwiadczenie wykonawcy_warunki udzia\u0142u w post\u0119powaniu_znak sprawy AO-271-15-2019<\/cite><\/p>\n<p class=\"downloadElemContainer2\"><a class=\"downloadElem docx\" href=\"https:\/\/min-pan.krakow.pl\/instytut\/wp-content\/uploads\/sites\/2\/2019\/09\/Za\u0142\u0105cznik-nr-4-do-SIWZ-O\u015bwiadczenie-o-przynale\u017cno\u015bci-do-grupy-kapita\u0142owej_znak-sprawy-AO-271-15-2019.docx\" target=\"_blank\" rel=\"noopener noreferrer\">\u00a0<\/a><cite>Za\u0142\u0105cznik nr 4 do SIWZ O\u015bwiadczenie o przynale\u017cno\u015bci do grupy kapita\u0142owej_znak sprawy AO-271-15-2019<\/cite><\/p>\n<p class=\"downloadElemContainer2\"><a class=\"downloadElem docx\" href=\"https:\/\/min-pan.krakow.pl\/instytut\/wp-content\/uploads\/sites\/2\/2019\/09\/Za\u0142\u0105cznik-nr-5-do-SIWZ-Formularz-oferty_znak-sprawy-AO-271-15-2019.docx\" target=\"_blank\" rel=\"noopener noreferrer\">\u00a0<\/a><cite>Za\u0142\u0105cznik nr 5 do SIWZ Formularz oferty_znak sprawy AO-271-15-2019<\/cite><\/p>\n<p class=\"downloadElemContainer2\"><a class=\"downloadElem docx\" href=\"https:\/\/min-pan.krakow.pl\/instytut\/wp-content\/uploads\/sites\/2\/2019\/09\/Za\u0142\u0105cznik-nr-6-do-SIWZ-Wz\u00f3r-umowy_znak-sprawy-AO-271-15-2019.docx\" target=\"_blank\" rel=\"noopener noreferrer\">\u00a0<\/a><cite>Za\u0142\u0105cznik nr 6 do SIWZ Wz\u00f3r umowy_znak sprawy AO-271-15-2019<\/cite><\/p>\n<p class=\"downloadElemContainer2\"><a class=\"downloadElem docx\" href=\"https:\/\/min-pan.krakow.pl\/instytut\/wp-content\/uploads\/sites\/2\/2019\/09\/Za\u0142\u0105cznik-nr-1-do-Umowy_wykaz-podwykonawc\u00f3w_znak-sprawy-AO-271-15-2019.docx\" target=\"_blank\" rel=\"noopener noreferrer\">\u00a0<\/a><cite>Za\u0142\u0105cznik nr 1 do Umowy_wykaz podwykonawc\u00f3w_znak sprawy AO-271-15-2019<\/cite><\/p>\n<p class=\"downloadElemContainer2\"><a class=\"downloadElem pdf\" href=\"https:\/\/min-pan.krakow.pl\/instytut\/wp-content\/uploads\/sites\/2\/2019\/09\/Za\u0142\u0105cznik-nr-7-do-SIWZ-Klauzula-informacyjna_znak-sprawy-AO-271-15-2019.pdf\" target=\"_blank\" rel=\"noopener noreferrer\">\u00a0<\/a><cite>Za\u0142\u0105cznik nr 7 do SIWZ Klauzula informacyjna_znak sprawy AO-271-15-2019<\/cite><\/p>\n<p class=\"downloadElemContainer2\"><a class=\"downloadElem docx\" href=\"https:\/\/min-pan.krakow.pl\/instytut\/wp-content\/uploads\/sites\/2\/2019\/09\/Za\u0142\u0105cznik-nr-8-do-SWIZ_Wykaz-rob\u00f3t-budowlanych_znak-sprawy-AO-271-15-2019.docx\" target=\"_blank\" rel=\"noopener noreferrer\">\u00a0<\/a><cite>Za\u0142\u0105cznik nr 8 do SWIZ_Wykaz rob\u00f3t budowlanych_znak sprawy AO-271-15-2019<\/cite><\/p>\n<p class=\"downloadElemContainer2\"><a class=\"downloadElem docx\" href=\"https:\/\/min-pan.krakow.pl\/instytut\/wp-content\/uploads\/sites\/2\/2019\/09\/Za\u0142\u0105cznik-nr-9-do-SIWZ_Wykaz-os\u00f3b_znak-sprawy-AO-271-15-2019.docx\" target=\"_blank\" rel=\"noopener noreferrer\">\u00a0<\/a><cite>Za\u0142\u0105cznik nr 9 do SIWZ_Wykaz os\u00f3b_znak sprawy AO-271-15-2019<\/cite><\/p>\n<p class=\"downloadElemContainer2\"><a class=\"downloadElem pdf\" href=\"https:\/\/min-pan.krakow.pl\/instytut\/wp-content\/uploads\/sites\/2\/2019\/09\/Rysunki_znak-sprawy-AO-271-15-2019.pdf\" target=\"_blank\" rel=\"noopener noreferrer\">\u00a0<\/a><cite>Rysunki_znak sprawy AO-271-15-2019<\/cite><\/p>\n<p class=\"downloadElemContainer2\"><a class=\"downloadElem pdf\" href=\"https:\/\/min-pan.krakow.pl\/instytut\/wp-content\/uploads\/sites\/2\/2019\/09\/Odpowied\u017a-na-pytanie-z-dnia-26.09.2019-r._-znak-sprawy-AO-271-15-19.pdf\" target=\"_blank\" rel=\"noopener noreferrer\">\u00a0<\/a><cite>Odpowied\u017a na pytanie z dnia 26.09.2019 r._ znak sprawy AO-271-15-19<\/cite><\/p>\n<p class=\"downloadElemContainer2\"><a class=\"downloadElem pdf\" href=\"https:\/\/min-pan.krakow.pl\/instytut\/wp-content\/uploads\/sites\/2\/2019\/09\/Druga-odpowied\u017a-na-pytanie-z-dnia-26.09.2019-r._-znak-sprawy-AO-271-15-19.pdf\" target=\"_blank\" rel=\"noopener noreferrer\">\u00a0<\/a><cite>Druga odpowied\u017a na pytanie z dnia 26.09.2019 r._ znak sprawy AO-271-15-19<\/cite><\/p>\n<p class=\"downloadElemContainer2\"><a class=\"downloadElem pdf\" href=\"https:\/\/min-pan.krakow.pl\/instytut\/wp-content\/uploads\/sites\/2\/2019\/09\/Rzut-III-pi\u0119tra.pdf\" target=\"_blank\" rel=\"noopener noreferrer\">\u00a0<\/a><cite>Rzut III pi\u0119tra<\/cite><\/p>\n<p class=\"downloadElemContainer2\"><a class=\"downloadElem pdf\" href=\"https:\/\/min-pan.krakow.pl\/instytut\/wp-content\/uploads\/sites\/2\/2019\/10\/Trzecia-odpowied\u017a-na-pytanie-z-dnia-26.09.2019-r._-znak-sprawy-AO-271-15-19.pdf\" target=\"_blank\" rel=\"noopener noreferrer\">\u00a0<\/a><cite>Trzecia odpowied\u017a na pytanie z dnia 26.09.2019 r._ znak sprawy AO-271-15-19<\/cite><\/p>\n<p class=\"downloadElemContainer2\"><a class=\"downloadElem pdf\" href=\"https:\/\/min-pan.krakow.pl\/instytut\/wp-content\/uploads\/sites\/2\/2019\/10\/Informacja-z-otwarcia-ofert-znak-sprawy-AO-271-15-19.pdf\" target=\"_blank\" rel=\"noopener noreferrer\">\u00a0<\/a><cite>Informacja z otwarcia ofert_(znak sprawy AO-271-15-19)<\/cite><\/p>\n<p class=\"downloadElemContainer2\"><a class=\"downloadElem pdf\" href=\"https:\/\/min-pan.krakow.pl\/instytut\/wp-content\/uploads\/sites\/2\/2019\/10\/Informacja-o-wyborze-nakorzystnijeszej-oferty_znak-sprawy-AO-271-15-19_final.pdf\" target=\"_blank\" rel=\"noopener noreferrer\">\u00a0<\/a><cite>Informacja o wyborze najkorzystniejszej oferty_(znak sprawy AO-271-15-19)<\/cite><\/p>\n<p><\/p>","protected":false},"excerpt":{"rendered":"<p>Post\u0119powanie o udzielenie zam\u00f3wienia_Prace remontowe i przebudowa pomieszcze\u0144 biurowych_III p w IGSMiE PAN \u00a0SIWZ_znak sprawy AO-271-15-2019 \u00a0Za\u0142\u0105cznik nr 1 do SIWZ Opis przedmiotu zamowienia_znak sprawy AO-271-15-2019 \u00a0Za\u0142\u0105cznik nr 2 do SIWZ O\u015bwiadczenie wykonawcy_przes\u0142anki wykluczenia_znak sprawy AO-271-15-2019 \u00a0Za\u0142\u0105cznik nr 3 do SIWZ O\u015bwiadczenie wykonawcy_warunki udzia\u0142u w post\u0119powaniu_znak sprawy AO-271-15-2019 \u00a0Za\u0142\u0105cznik nr 4 do SIWZ O\u015bwiadczenie o [&hellip;]<\/p>\n","protected":false},"author":1,"featured_media":0,"parent":1562,"menu_order":33,"comment_status":"closed","ping_status":"closed","template":"templates\/template-document.php","meta":{"footnotes":""},"class_list":["post-1572","page","type-page","status-publish","hentry"],"_links":{"self":[{"href":"https:\/\/min-pan.krakow.pl\/instytut\/wp-json\/wp\/v2\/pages\/1572","targetHints":{"allow":["GET"]}}],"collection":[{"href":"https:\/\/min-pan.krakow.pl\/instytut\/wp-json\/wp\/v2\/pages"}],"about":[{"href":"https:\/\/min-pan.krakow.pl\/instytut\/wp-json\/wp\/v2\/types\/page"}],"author":[{"embeddable":true,"href":"https:\/\/min-pan.krakow.pl\/instytut\/wp-json\/wp\/v2\/users\/1"}],"replies":[{"embeddable":true,"href":"https:\/\/min-pan.krakow.pl\/instytut\/wp-json\/wp\/v2\/comments?post=1572"}],"version-history":[{"count":1,"href":"https:\/\/min-pan.krakow.pl\/instytut\/wp-json\/wp\/v2\/pages\/1572\/revisions"}],"predecessor-version":[{"id":1573,"href":"https:\/\/min-pan.krakow.pl\/instytut\/wp-json\/wp\/v2\/pages\/1572\/revisions\/1573"}],"up":[{"embeddable":true,"href":"https:\/\/min-pan.krakow.pl\/instytut\/wp-json\/wp\/v2\/pages\/1562"}],"wp:attachment":[{"href":"https:\/\/min-pan.krakow.pl\/instytut\/wp-json\/wp\/v2\/media?parent=1572"}],"curies":[{"name":"wp","href":"https:\/\/api.w.org\/{rel}","templated":true}]}}