{"id":11,"date":"2017-11-09T10:49:08","date_gmt":"2017-11-09T09:49:08","guid":{"rendered":"https:\/\/min-pan.krakow.pl\/instytut\/?page_id=11"},"modified":"2019-09-03T09:50:23","modified_gmt":"2019-09-03T07:50:23","slug":"pracownicy","status":"publish","type":"page","link":"https:\/\/min-pan.krakow.pl\/instytut\/pracownicy\/","title":{"rendered":"Pracownicy"},"content":{"rendered":"<p><\/p>\n<h2>Pracownicy<\/h2>\n<p>Najcenniejszy kapita\u0142 w Instytucie tworz\u0105 nasi pracownicy. W chwili obecnej zatrudniamy ponad 110 os\u00f3b. Pracownicy naukowi zorganizowani s\u0105 w cztery zak\u0142ady i czterna\u015bcie pracowni specjalistycznych. Pozostali pracownicy stanowi\u0105 wsparcie kadry naukowej w zakresie naukowo-technicznym i obs\u0142ugi administracyjnej.<\/p>\n<p>Wpisz imi\u0119 lub nazwisko albo wyszukaj pracownika wed\u0142ug spisu alfabetycznego:<\/p>","protected":false},"excerpt":{"rendered":"<p>Pracownicy Najcenniejszy kapita\u0142 w Instytucie tworz\u0105 nasi pracownicy. W chwili obecnej zatrudniamy ponad 110 os\u00f3b. Pracownicy naukowi zorganizowani s\u0105 w cztery zak\u0142ady i czterna\u015bcie pracowni specjalistycznych. Pozostali pracownicy stanowi\u0105 wsparcie kadry naukowej w zakresie naukowo-technicznym i obs\u0142ugi administracyjnej. Wpisz imi\u0119 lub nazwisko albo wyszukaj pracownika wed\u0142ug spisu alfabetycznego:<\/p>\n","protected":false},"author":1,"featured_media":0,"parent":0,"menu_order":139,"comment_status":"closed","ping_status":"closed","template":"templates\/template-searchworker.php","meta":{"footnotes":""},"class_list":["post-11","page","type-page","status-publish","hentry"],"_links":{"self":[{"href":"https:\/\/min-pan.krakow.pl\/instytut\/wp-json\/wp\/v2\/pages\/11","targetHints":{"allow":["GET"]}}],"collection":[{"href":"https:\/\/min-pan.krakow.pl\/instytut\/wp-json\/wp\/v2\/pages"}],"about":[{"href":"https:\/\/min-pan.krakow.pl\/instytut\/wp-json\/wp\/v2\/types\/page"}],"author":[{"embeddable":true,"href":"https:\/\/min-pan.krakow.pl\/instytut\/wp-json\/wp\/v2\/users\/1"}],"replies":[{"embeddable":true,"href":"https:\/\/min-pan.krakow.pl\/instytut\/wp-json\/wp\/v2\/comments?post=11"}],"version-history":[{"count":16,"href":"https:\/\/min-pan.krakow.pl\/instytut\/wp-json\/wp\/v2\/pages\/11\/revisions"}],"predecessor-version":[{"id":1077,"href":"https:\/\/min-pan.krakow.pl\/instytut\/wp-json\/wp\/v2\/pages\/11\/revisions\/1077"}],"wp:attachment":[{"href":"https:\/\/min-pan.krakow.pl\/instytut\/wp-json\/wp\/v2\/media?parent=11"}],"curies":[{"name":"wp","href":"https:\/\/api.w.org\/{rel}","templated":true}]}}