{"id":2143,"date":"2022-04-04T16:56:58","date_gmt":"2022-04-04T14:56:58","guid":{"rendered":"https:\/\/min-pan.krakow.pl\/instytut\/?page_id=2143"},"modified":"2022-04-21T11:54:15","modified_gmt":"2022-04-21T09:54:15","slug":"zapytanie-nr-40-w-ramach-modernizacji-istniejacych-pomieszczen-laboratoryjnych-laboratorium-geotermalnego-na-remont-szklarni-w-laboratorium-geotermalnym-oddzial-zamiejscowy-igsmie-pan-w-banskiej-n","status":"publish","type":"page","link":"https:\/\/min-pan.krakow.pl\/instytut\/en\/zamowienia-publiczne\/zapytania-ofertowe-2\/zapytanie-nr-40-w-ramach-modernizacji-istniejacych-pomieszczen-laboratoryjnych-laboratorium-geotermalnego-na-remont-szklarni-w-laboratorium-geotermalnym-oddzial-zamiejscowy-igsmie-pan-w-banskiej-n\/","title":{"rendered":"(Polski) Zapytanie nr 40: w ramach Modernizacji istniej\u0105cych pomieszcze\u0144 laboratoryjnych Laboratorium Geotermalnego na Remont szklarni w Laboratorium Geotermalnym , Oddzia\u0142 Zamiejscowy IGSMiE  PAN w Ba\u0144skiej Ni\u017cnej \u2013 wykonanie nowego pokrycia dachowego z p\u0142yt  poliw\u0119glanowych"},"content":{"rendered":"<p class=\"qtranxs-available-languages-message qtranxs-available-languages-message-en\">Sorry, this entry is only available in <a href=\"https:\/\/min-pan.krakow.pl\/instytut\/pl\/wp-json\/wp\/v2\/pages\/2143\" class=\"qtranxs-available-language-link qtranxs-available-language-link-pl\" title=\"Polski\">Polski<\/a>.<\/p>","protected":false},"excerpt":{"rendered":"<p>Sorry, this entry is only available in Polski.<\/p>\n","protected":false},"author":11,"featured_media":0,"parent":1564,"menu_order":78,"comment_status":"closed","ping_status":"closed","template":"","meta":{"footnotes":""},"class_list":["post-2143","page","type-page","status-publish","hentry"],"_links":{"self":[{"href":"https:\/\/min-pan.krakow.pl\/instytut\/en\/wp-json\/wp\/v2\/pages\/2143","targetHints":{"allow":["GET"]}}],"collection":[{"href":"https:\/\/min-pan.krakow.pl\/instytut\/en\/wp-json\/wp\/v2\/pages"}],"about":[{"href":"https:\/\/min-pan.krakow.pl\/instytut\/en\/wp-json\/wp\/v2\/types\/page"}],"author":[{"embeddable":true,"href":"https:\/\/min-pan.krakow.pl\/instytut\/en\/wp-json\/wp\/v2\/users\/11"}],"replies":[{"embeddable":true,"href":"https:\/\/min-pan.krakow.pl\/instytut\/en\/wp-json\/wp\/v2\/comments?post=2143"}],"version-history":[{"count":5,"href":"https:\/\/min-pan.krakow.pl\/instytut\/en\/wp-json\/wp\/v2\/pages\/2143\/revisions"}],"predecessor-version":[{"id":2186,"href":"https:\/\/min-pan.krakow.pl\/instytut\/en\/wp-json\/wp\/v2\/pages\/2143\/revisions\/2186"}],"up":[{"embeddable":true,"href":"https:\/\/min-pan.krakow.pl\/instytut\/en\/wp-json\/wp\/v2\/pages\/1564"}],"wp:attachment":[{"href":"https:\/\/min-pan.krakow.pl\/instytut\/en\/wp-json\/wp\/v2\/media?parent=2143"}],"curies":[{"name":"wp","href":"https:\/\/api.w.org\/{rel}","templated":true}]}}

(Polski) Zapytanie nr 40: w ramach Modernizacji istniejących pomieszczeń laboratoryjnych Laboratorium Geotermalnego na Remont szklarni w Laboratorium Geotermalnym , Oddział Zamiejscowy IGSMiE  PAN w Bańskiej Niżnej – wykonanie nowego pokrycia dachowego z płyt  poliwęglanowych
