{"id":996,"date":"2021-07-20T14:23:19","date_gmt":"2021-07-20T12:23:19","guid":{"rendered":"https:\/\/min-pan.krakow.pl\/dzialalnosc-naukowa\/?page_id=996"},"modified":"2026-01-13T15:05:16","modified_gmt":"2026-01-13T14:05:16","slug":"postepowania-doktorskie-nowy-tryb","status":"publish","type":"page","link":"https:\/\/min-pan.krakow.pl\/dzialalnosc-naukowa\/postepowania-doktorskie-nowy-tryb\/","title":{"rendered":"Post\u0119powania doktorskie (od 01.10.2019)"},"content":{"rendered":"<p><\/p>\n<p class=\"downloadElemContainer2\"><a class=\"downloadElem pdf\" href=\"https:\/\/min-pan.krakow.pl\/dzialalnosc-naukowa\/wp-content\/uploads\/sites\/7\/2025\/01\/Zarzadzenie_aktualizacja-procedury-postepowania-w-sprawie-nadania-stopnia-doktora_12.12.2024-r.pdf\" target=\"_blank\" rel=\"noopener\">\u00a0<\/a><cite>Informacja o trybie przeprowadzania post\u0119powania doktorskiego obowi\u0105zuj\u0105ca od 1 pa\u017adziernika 2019 r.<\/cite><\/p>\n<h3>Dokumenty<\/h3>\n<p class=\"downloadElemContainer2\"><a class=\"downloadElem docx\" href=\"https:\/\/min-pan.krakow.pl\/dzialalnosc-naukowa\/wp-content\/uploads\/sites\/7\/2021\/08\/Wz\u00f3r-wniosku-o-wyznaczenie-promotora-rozprawy-doktorskiej-30.12.2020-1.docx\" target=\"_blank\" rel=\"noopener noreferrer\">\u00a0<\/a><cite>Wz\u00f3r wniosku o wyznaczenie promotora rozprawy doktorskiej<\/cite><\/p>\n<h3><\/h3>\n<p><\/p>","protected":false},"excerpt":{"rendered":"<p>\u00a0Informacja o trybie przeprowadzania post\u0119powania doktorskiego obowi\u0105zuj\u0105ca od 1 pa\u017adziernika 2019 r. Dokumenty \u00a0Wz\u00f3r wniosku o wyznaczenie promotora rozprawy doktorskiej<\/p>\n","protected":false},"author":1,"featured_media":0,"parent":0,"menu_order":3,"comment_status":"closed","ping_status":"closed","template":"templates\/template-theses2.php","meta":{"footnotes":""},"class_list":["post-996","page","type-page","status-publish","hentry"],"_links":{"self":[{"href":"https:\/\/min-pan.krakow.pl\/dzialalnosc-naukowa\/wp-json\/wp\/v2\/pages\/996","targetHints":{"allow":["GET"]}}],"collection":[{"href":"https:\/\/min-pan.krakow.pl\/dzialalnosc-naukowa\/wp-json\/wp\/v2\/pages"}],"about":[{"href":"https:\/\/min-pan.krakow.pl\/dzialalnosc-naukowa\/wp-json\/wp\/v2\/types\/page"}],"author":[{"embeddable":true,"href":"https:\/\/min-pan.krakow.pl\/dzialalnosc-naukowa\/wp-json\/wp\/v2\/users\/1"}],"replies":[{"embeddable":true,"href":"https:\/\/min-pan.krakow.pl\/dzialalnosc-naukowa\/wp-json\/wp\/v2\/comments?post=996"}],"version-history":[{"count":20,"href":"https:\/\/min-pan.krakow.pl\/dzialalnosc-naukowa\/wp-json\/wp\/v2\/pages\/996\/revisions"}],"predecessor-version":[{"id":1560,"href":"https:\/\/min-pan.krakow.pl\/dzialalnosc-naukowa\/wp-json\/wp\/v2\/pages\/996\/revisions\/1560"}],"wp:attachment":[{"href":"https:\/\/min-pan.krakow.pl\/dzialalnosc-naukowa\/wp-json\/wp\/v2\/media?parent=996"}],"curies":[{"name":"wp","href":"https:\/\/api.w.org\/{rel}","templated":true}]}}