{"id":9,"date":"2017-11-09T11:43:07","date_gmt":"2017-11-09T10:43:07","guid":{"rendered":"https:\/\/min-pan.krakow.pl\/\/dzialalnosc-naukowa\/?page_id=9"},"modified":"2017-12-27T21:03:32","modified_gmt":"2017-12-27T20:03:32","slug":"seminaria-naukowe","status":"publish","type":"page","link":"https:\/\/min-pan.krakow.pl\/dzialalnosc-naukowa\/seminaria-naukowe\/","title":{"rendered":"Seminaria naukowe"},"content":{"rendered":"<p><\/p>\n<h2>Seminaria naukowe<\/h2>\n<p>Upowszechnianiu dzia\u0142alno\u015bci naukowej s\u0142u\u017c\u0105 r\u00f3wnie\u017c seminaria naukowe, w trakcie kt\u00f3rych nasi pracownicy dziel\u0105 si\u0119 swoimi przemy\u015bleniami i osi\u0105gni\u0119ciami. Spotkania te s\u0105 otwarte r\u00f3wnie\u017c dla os\u00f3b z zewn\u0105trz. Serdecznie zapraszamy.<\/p>\n<p>Ni\u017cej prezentujemy kalendarz minionych spotka\u0144 oraz harmonogram na kolejny rok.<\/p>","protected":false},"excerpt":{"rendered":"<p>Seminaria naukowe Upowszechnianiu dzia\u0142alno\u015bci naukowej s\u0142u\u017c\u0105 r\u00f3wnie\u017c seminaria naukowe, w trakcie kt\u00f3rych nasi pracownicy dziel\u0105 si\u0119 swoimi przemy\u015bleniami i osi\u0105gni\u0119ciami. Spotkania te s\u0105 otwarte r\u00f3wnie\u017c dla os\u00f3b z zewn\u0105trz. Serdecznie zapraszamy. Ni\u017cej prezentujemy kalendarz minionych spotka\u0144 oraz harmonogram na kolejny rok.<\/p>\n","protected":false},"author":1,"featured_media":0,"parent":0,"menu_order":179,"comment_status":"closed","ping_status":"closed","template":"","meta":{"footnotes":""},"class_list":["post-9","page","type-page","status-publish","hentry"],"_links":{"self":[{"href":"https:\/\/min-pan.krakow.pl\/dzialalnosc-naukowa\/wp-json\/wp\/v2\/pages\/9","targetHints":{"allow":["GET"]}}],"collection":[{"href":"https:\/\/min-pan.krakow.pl\/dzialalnosc-naukowa\/wp-json\/wp\/v2\/pages"}],"about":[{"href":"https:\/\/min-pan.krakow.pl\/dzialalnosc-naukowa\/wp-json\/wp\/v2\/types\/page"}],"author":[{"embeddable":true,"href":"https:\/\/min-pan.krakow.pl\/dzialalnosc-naukowa\/wp-json\/wp\/v2\/users\/1"}],"replies":[{"embeddable":true,"href":"https:\/\/min-pan.krakow.pl\/dzialalnosc-naukowa\/wp-json\/wp\/v2\/comments?post=9"}],"version-history":[{"count":6,"href":"https:\/\/min-pan.krakow.pl\/dzialalnosc-naukowa\/wp-json\/wp\/v2\/pages\/9\/revisions"}],"predecessor-version":[{"id":554,"href":"https:\/\/min-pan.krakow.pl\/dzialalnosc-naukowa\/wp-json\/wp\/v2\/pages\/9\/revisions\/554"}],"wp:attachment":[{"href":"https:\/\/min-pan.krakow.pl\/dzialalnosc-naukowa\/wp-json\/wp\/v2\/media?parent=9"}],"curies":[{"name":"wp","href":"https:\/\/api.w.org\/{rel}","templated":true}]}}