{"id":1545,"date":"2025-07-25T09:58:23","date_gmt":"2025-07-25T07:58:23","guid":{"rendered":"https:\/\/min-pan.krakow.pl\/dzialalnosc-naukowa\/?page_id=1545"},"modified":"2026-01-13T15:11:37","modified_gmt":"2026-01-13T14:11:37","slug":"dorota-czarna-juszkiewicz-2","status":"publish","type":"page","link":"https:\/\/min-pan.krakow.pl\/dzialalnosc-naukowa\/postepowania-doktorskie-nowy-tryb\/dorota-czarna-juszkiewicz-2\/","title":{"rendered":"Dorota Czarna &#8211; Juszkiewicz"},"content":{"rendered":"<p><strong>Rozprawa doktorska\u00a0<\/strong><\/p>\n<p class=\"downloadElemContainer2\"><a class=\"downloadElem pdf\" href=\"https:\/\/min-pan.krakow.pl\/dzialalnosc-naukowa\/wp-content\/uploads\/sites\/7\/2025\/07\/Zastosowanie-zeolitow-otrzymywanych-z-odpadowych-zrodel-krzemionki-do-usuwania-jonow-rteci-z-roztworow-wodnych-oraz-sciekow-z-sektora-energetycznego.pdf\" target=\"_blank\" rel=\"noopener\">\u00a0<\/a><cite>Zastosowanie zeolit\u00f3w otrzymywanych z odpadowych \u017ar\u00f3de\u0142 krzemionki do usuwania jon\u00f3w rt\u0119ci z roztwor\u00f3w wodnych oraz \u015bciek\u00f3w z sektora energetycznego<\/cite><\/p>\n<p class=\"downloadElemContainer2\"><a class=\"downloadElem pdf\" href=\"https:\/\/min-pan.krakow.pl\/dzialalnosc-naukowa\/wp-content\/uploads\/sites\/7\/2025\/12\/Zawiadomienie-o-nadaniu-stopnia-doktora.pdf\" target=\"_blank\" rel=\"noopener\">\u00a0<\/a><cite>Zawiadomienie o nadaniu stopnia doktora<\/cite><\/p>\n<p class=\"downloadElemContainer2\"><a class=\"downloadElem pdf\" href=\"https:\/\/min-pan.krakow.pl\/dzialalnosc-naukowa\/wp-content\/uploads\/sites\/7\/2025\/07\/Streszczenie-rozprawy-doktorskiej-PL.pdf\" target=\"_blank\" rel=\"noopener\">\u00a0<\/a><cite>Streszczenie rozprawy doktorskiej [PL]<\/cite><\/p>\n<p class=\"downloadElemContainer2\"><a class=\"downloadElem pdf\" href=\"https:\/\/min-pan.krakow.pl\/dzialalnosc-naukowa\/wp-content\/uploads\/sites\/7\/2025\/07\/Streszczenie-rozprawy-doktorskiej-EN.pdf\" target=\"_blank\" rel=\"noopener\">\u00a0<\/a><cite>Streszczenie rozprawy doktorskiej [EN]<\/cite><\/p>\n<p class=\"downloadElemContainer2\"><a class=\"downloadElem pdf\" href=\"https:\/\/min-pan.krakow.pl\/dzialalnosc-naukowa\/wp-content\/uploads\/sites\/7\/2025\/11\/Informacja-o-terminie-i-miejscu-przeprowadzenia-obrony-rozprawy-doktorskiej-oraz-o-miejscu-zlozeniu-rozprawy-doktorskiej.pdf\" target=\"_blank\" rel=\"noopener\">\u00a0<\/a><cite>Informacja o terminie i miejscu przeprowadzenia obrony rozprawy doktorskiej oraz o miejscu z\u0142o\u017ceniu rozprawy doktorskiej<\/cite><\/p>\n<p class=\"downloadElemContainer2\"><a class=\"downloadElem pdf\" href=\"https:\/\/min-pan.krakow.pl\/dzialalnosc-naukowa\/wp-content\/uploads\/sites\/7\/2026\/01\/Uchwaly_RN_08.12_z-glosami_final_nadanie-stopnia-DCJ.pdf\" target=\"_blank\" rel=\"noopener\">\u00a0<\/a><cite>Uchwa\u0142a nr 4\/III\/2025 z 08.12.2025<\/cite><\/p>\n<p><strong>Recenzje rozprawy doktorskiej\u00a0<\/strong><\/p>\n<p class=\"downloadElemContainer2\"><a class=\"downloadElem pdf\" href=\"https:\/\/min-pan.krakow.pl\/dzialalnosc-naukowa\/wp-content\/uploads\/sites\/7\/2025\/09\/Recenzja-Prof.-dr-hab.-Zbigniew-Hubicki.pdf\" target=\"_blank\" rel=\"noopener\">\u00a0<\/a><cite>Recenzja &#8211; Prof. dr hab. Zbigniew Hubicki<\/cite><\/p>\n<p class=\"downloadElemContainer2\"><a class=\"downloadElem pdf\" href=\"https:\/\/min-pan.krakow.pl\/dzialalnosc-naukowa\/wp-content\/uploads\/sites\/7\/2025\/10\/Recenzja-Dr-hab.-inz.-Agnieszka-Gruszecka-Kosowska.pdf\" target=\"_blank\" rel=\"noopener\">\u00a0<\/a><cite>Recenzja &#8211; Dr hab. in\u017c. Agnieszka Gruszecka &#8211; Kosowska<\/cite><\/p>\n<p class=\"downloadElemContainer2\"><a class=\"downloadElem pdf\" href=\"https:\/\/min-pan.krakow.pl\/dzialalnosc-naukowa\/wp-content\/uploads\/sites\/7\/2025\/10\/Recenzja-Dr-hab.-Zdzislaw-Adamczyk.pdf\" target=\"_blank\" rel=\"noopener\">\u00a0<\/a><cite>Recenzja &#8211; Dr hab. Zdzis\u0142aw Adamczyk<\/cite><\/p>\n<p class=\"downloadElemContainer2\">\n<p><\/p>","protected":false},"excerpt":{"rendered":"<p>Rozprawa doktorska\u00a0 \u00a0Zastosowanie zeolit\u00f3w otrzymywanych z odpadowych \u017ar\u00f3de\u0142 krzemionki do usuwania jon\u00f3w rt\u0119ci z roztwor\u00f3w wodnych oraz \u015bciek\u00f3w z sektora energetycznego \u00a0Zawiadomienie o nadaniu stopnia doktora \u00a0Streszczenie rozprawy doktorskiej [PL] \u00a0Streszczenie rozprawy doktorskiej [EN] \u00a0Informacja o terminie i miejscu przeprowadzenia obrony rozprawy doktorskiej oraz o miejscu z\u0142o\u017ceniu rozprawy doktorskiej \u00a0Uchwa\u0142a nr 4\/III\/2025 z 08.12.2025 Recenzje [&hellip;]<\/p>\n","protected":false},"author":8,"featured_media":0,"parent":996,"menu_order":5,"comment_status":"closed","ping_status":"closed","template":"templates\/template-theses2.php","meta":{"footnotes":""},"class_list":["post-1545","page","type-page","status-publish","hentry"],"_links":{"self":[{"href":"https:\/\/min-pan.krakow.pl\/dzialalnosc-naukowa\/wp-json\/wp\/v2\/pages\/1545","targetHints":{"allow":["GET"]}}],"collection":[{"href":"https:\/\/min-pan.krakow.pl\/dzialalnosc-naukowa\/wp-json\/wp\/v2\/pages"}],"about":[{"href":"https:\/\/min-pan.krakow.pl\/dzialalnosc-naukowa\/wp-json\/wp\/v2\/types\/page"}],"author":[{"embeddable":true,"href":"https:\/\/min-pan.krakow.pl\/dzialalnosc-naukowa\/wp-json\/wp\/v2\/users\/8"}],"replies":[{"embeddable":true,"href":"https:\/\/min-pan.krakow.pl\/dzialalnosc-naukowa\/wp-json\/wp\/v2\/comments?post=1545"}],"version-history":[{"count":12,"href":"https:\/\/min-pan.krakow.pl\/dzialalnosc-naukowa\/wp-json\/wp\/v2\/pages\/1545\/revisions"}],"predecessor-version":[{"id":1629,"href":"https:\/\/min-pan.krakow.pl\/dzialalnosc-naukowa\/wp-json\/wp\/v2\/pages\/1545\/revisions\/1629"}],"up":[{"embeddable":true,"href":"https:\/\/min-pan.krakow.pl\/dzialalnosc-naukowa\/wp-json\/wp\/v2\/pages\/996"}],"wp:attachment":[{"href":"https:\/\/min-pan.krakow.pl\/dzialalnosc-naukowa\/wp-json\/wp\/v2\/media?parent=1545"}],"curies":[{"name":"wp","href":"https:\/\/api.w.org\/{rel}","templated":true}]}}