{"id":1454,"date":"2024-09-17T11:35:44","date_gmt":"2024-09-17T09:35:44","guid":{"rendered":"https:\/\/min-pan.krakow.pl\/dzialalnosc-naukowa\/?page_id=1454"},"modified":"2024-10-29T09:29:25","modified_gmt":"2024-10-29T08:29:25","slug":"monika-peplowska","status":"publish","type":"page","link":"https:\/\/min-pan.krakow.pl\/dzialalnosc-naukowa\/postepowania-doktorskie-nowy-tryb\/monika-peplowska\/","title":{"rendered":"Monika Pep\u0142owska"},"content":{"rendered":"<p><\/p>\n<h2><\/h2>\n<p><strong>Rozprawa doktorska\u00a0<\/strong><\/p>\n<p class=\"downloadElemContainer2\"><a class=\"downloadElem pdf\" href=\"https:\/\/min-pan.krakow.pl\/dzialalnosc-naukowa\/wp-content\/uploads\/sites\/7\/2024\/06\/Wplyw-gornictwa-weglowego-na-ksztaltowanie-sie-PKB-z-wykorzystaniem-przeplywow-miedzygaleziowych.pdf\" target=\"_blank\" rel=\"noopener\">\u00a0<\/a><cite>Wp\u0142yw g\u00f3rnictwa w\u0119glowego na kszta\u0142towanie si\u0119 PKB z wykorzystaniem przep\u0142yw\u00f3w mi\u0119dzyga\u0142\u0119ziowych<\/cite><\/p>\n<p class=\"downloadElemContainer2\"><a class=\"downloadElem pdf\" href=\"https:\/\/min-pan.krakow.pl\/dzialalnosc-naukowa\/wp-content\/uploads\/sites\/7\/2024\/10\/Zawiadomienie-o-nadaniu-stopnia-doktora.pdf\" target=\"_blank\" rel=\"noopener\">\u00a0<\/a><cite>Zawiadomienie o nadaniu stopnia doktora<\/cite><\/p>\n<p class=\"downloadElemContainer2\"><a class=\"downloadElem pdf\" href=\"https:\/\/min-pan.krakow.pl\/dzialalnosc-naukowa\/wp-content\/uploads\/sites\/7\/2024\/06\/Streszczenie_PL_ENG.pdf\" target=\"_blank\" rel=\"noopener\">\u00a0<\/a><cite>Streszczenie_PL_ENG<\/cite><\/p>\n<p class=\"downloadElemContainer2\"><a class=\"downloadElem pdf\" href=\"https:\/\/min-pan.krakow.pl\/dzialalnosc-naukowa\/wp-content\/uploads\/sites\/7\/2024\/09\/Informacja-o-terminie-i-miejscu-przeprowadzenia-obrony-rozprawy-doktorskiej-oraz-o-miejscu-zlozeniu-rozprawy-doktorskiej.pdf\" target=\"_blank\" rel=\"noopener\">\u00a0<\/a><cite>Informacja o terminie i miejscu przeprowadzenia obrony rozprawy doktorskiej oraz o miejscu z\u0142o\u017ceniu rozprawy doktorskiej<\/cite><\/p>\n<p><strong>Recenzje rozprawy doktorskiej\u00a0<\/strong><\/p>\n<p class=\"downloadElemContainer2\"><a class=\"downloadElem pdf\" href=\"https:\/\/min-pan.krakow.pl\/dzialalnosc-naukowa\/wp-content\/uploads\/sites\/7\/2024\/06\/Recenzja_dr-hab.-inz.-Stanislaw-Tokarski.pdf\" target=\"_blank\" rel=\"noopener\">\u00a0<\/a><cite>Recenzja_dr hab. in\u017c. Stanis\u0142aw Tokarski<\/cite><\/p>\n<p class=\"downloadElemContainer2\"><a class=\"downloadElem pdf\" href=\"https:\/\/min-pan.krakow.pl\/dzialalnosc-naukowa\/wp-content\/uploads\/sites\/7\/2024\/06\/Recenzja_dr-hab.-Lukasz-Lach.pdf\" target=\"_blank\" rel=\"noopener\">\u00a0<\/a><cite>Recenzja_dr hab. \u0141ukasz Lach<\/cite><\/p>\n<p class=\"downloadElemContainer2\"><a class=\"downloadElem pdf\" href=\"https:\/\/min-pan.krakow.pl\/dzialalnosc-naukowa\/wp-content\/uploads\/sites\/7\/2024\/06\/Recenzja_prof.-dr-hab.-inz.-Marcin-Szega_.pdf\" target=\"_blank\" rel=\"noopener\">\u00a0<\/a><cite>Recenzja_prof. dr hab. in\u017c. Marcin Szega_<\/cite><\/p>\n<p><\/p>","protected":false},"excerpt":{"rendered":"<p>Rozprawa doktorska\u00a0 \u00a0Wp\u0142yw g\u00f3rnictwa w\u0119glowego na kszta\u0142towanie si\u0119 PKB z wykorzystaniem przep\u0142yw\u00f3w mi\u0119dzyga\u0142\u0119ziowych \u00a0Zawiadomienie o nadaniu stopnia doktora \u00a0Streszczenie_PL_ENG \u00a0Informacja o terminie i miejscu przeprowadzenia obrony rozprawy doktorskiej oraz o miejscu z\u0142o\u017ceniu rozprawy doktorskiej Recenzje rozprawy doktorskiej\u00a0 \u00a0Recenzja_dr hab. in\u017c. Stanis\u0142aw Tokarski \u00a0Recenzja_dr hab. \u0141ukasz Lach \u00a0Recenzja_prof. dr hab. in\u017c. Marcin Szega_<\/p>\n","protected":false},"author":12,"featured_media":0,"parent":996,"menu_order":13,"comment_status":"closed","ping_status":"closed","template":"templates\/template-theses2.php","meta":{"footnotes":""},"class_list":["post-1454","page","type-page","status-publish","hentry"],"_links":{"self":[{"href":"https:\/\/min-pan.krakow.pl\/dzialalnosc-naukowa\/wp-json\/wp\/v2\/pages\/1454","targetHints":{"allow":["GET"]}}],"collection":[{"href":"https:\/\/min-pan.krakow.pl\/dzialalnosc-naukowa\/wp-json\/wp\/v2\/pages"}],"about":[{"href":"https:\/\/min-pan.krakow.pl\/dzialalnosc-naukowa\/wp-json\/wp\/v2\/types\/page"}],"author":[{"embeddable":true,"href":"https:\/\/min-pan.krakow.pl\/dzialalnosc-naukowa\/wp-json\/wp\/v2\/users\/12"}],"replies":[{"embeddable":true,"href":"https:\/\/min-pan.krakow.pl\/dzialalnosc-naukowa\/wp-json\/wp\/v2\/comments?post=1454"}],"version-history":[{"count":2,"href":"https:\/\/min-pan.krakow.pl\/dzialalnosc-naukowa\/wp-json\/wp\/v2\/pages\/1454\/revisions"}],"predecessor-version":[{"id":1470,"href":"https:\/\/min-pan.krakow.pl\/dzialalnosc-naukowa\/wp-json\/wp\/v2\/pages\/1454\/revisions\/1470"}],"up":[{"embeddable":true,"href":"https:\/\/min-pan.krakow.pl\/dzialalnosc-naukowa\/wp-json\/wp\/v2\/pages\/996"}],"wp:attachment":[{"href":"https:\/\/min-pan.krakow.pl\/dzialalnosc-naukowa\/wp-json\/wp\/v2\/media?parent=1454"}],"curies":[{"name":"wp","href":"https:\/\/api.w.org\/{rel}","templated":true}]}}