{"id":1444,"date":"2024-09-10T14:59:40","date_gmt":"2024-09-10T12:59:40","guid":{"rendered":"https:\/\/min-pan.krakow.pl\/dzialalnosc-naukowa\/?page_id=1444"},"modified":"2024-10-29T09:31:09","modified_gmt":"2024-10-29T08:31:09","slug":"jaroslaw-kulpa","status":"publish","type":"page","link":"https:\/\/min-pan.krakow.pl\/dzialalnosc-naukowa\/postepowania-doktorskie-nowy-tryb\/jaroslaw-kulpa\/","title":{"rendered":"Jaros\u0142aw Kulpa"},"content":{"rendered":"<p><strong>Rozprawa doktorska\u00a0<\/strong><\/p>\n<p class=\"downloadElemContainer2\"><a class=\"downloadElem pdf\" href=\"https:\/\/min-pan.krakow.pl\/dzialalnosc-naukowa\/wp-content\/uploads\/sites\/7\/2024\/09\/Metodyka-oceny-atrakcyjnosci-zloza-i-kwantyfikacja-ryzyka-w-procesie-eksploatacji_druk.pdf\" target=\"_blank\" rel=\"noopener\">\u00a0<\/a><cite>Metodyka oceny atrakcyjno\u015bci z\u0142o\u017ca i kwantyfikacja ryzyka w procesie eksploatacji_druk<\/cite><\/p>\n<p class=\"downloadElemContainer2\"><a class=\"downloadElem pdf\" href=\"https:\/\/min-pan.krakow.pl\/dzialalnosc-naukowa\/wp-content\/uploads\/sites\/7\/2024\/10\/Zawiadomienie-o-nadaniu-stopnia-doktora-1.pdf\" target=\"_blank\" rel=\"noopener\">\u00a0<\/a><cite>Zawiadomienie o nadaniu stopnia doktora<\/cite><\/p>\n<p class=\"downloadElemContainer2\"><a class=\"downloadElem pdf\" href=\"https:\/\/min-pan.krakow.pl\/dzialalnosc-naukowa\/wp-content\/uploads\/sites\/7\/2024\/09\/Streszczenie_doktorat_Kulpa.pdf\" target=\"_blank\" rel=\"noopener\">\u00a0<\/a><cite>Streszczenie_doktorat_Kulpa<\/cite><\/p>\n<p class=\"downloadElemContainer2\"><a class=\"downloadElem pdf\" href=\"https:\/\/min-pan.krakow.pl\/dzialalnosc-naukowa\/wp-content\/uploads\/sites\/7\/2024\/09\/Streszczenie_doktorat_Kulpa_en.pdf\" target=\"_blank\" rel=\"noopener\">\u00a0<\/a><cite>Streszczenie_doktorat_Kulpa_en<\/cite><\/p>\n<p class=\"downloadElemContainer2\"><a class=\"downloadElem pdf\" href=\"https:\/\/min-pan.krakow.pl\/dzialalnosc-naukowa\/wp-content\/uploads\/sites\/7\/2024\/09\/Informacja-o-terminie-i-miejscu-przeprowadzenia-obrony-rozprawy-doktorskiej-oraz-o-miejscu-zlozeniu-rozprawy-doktorskiej-1.pdf\" target=\"_blank\" rel=\"noopener\">\u00a0<\/a><cite>Informacja o terminie i miejscu przeprowadzenia obrony rozprawy doktorskiej oraz o miejscu z\u0142o\u017ceniu rozprawy doktorskiej<\/cite><\/p>\n<p><strong>Recenzje rozprawy doktorskiej\u00a0<\/strong><\/p>\n<p class=\"downloadElemContainer2\"><a class=\"downloadElem pdf\" href=\"https:\/\/min-pan.krakow.pl\/dzialalnosc-naukowa\/wp-content\/uploads\/sites\/7\/2024\/09\/Recenzja_Butra-Jan.pdf\" target=\"_blank\" rel=\"noopener\">\u00a0<\/a><cite>Recenzja_Butra Jan<\/cite><\/p>\n<p class=\"downloadElemContainer2\"><a class=\"downloadElem pdf\" href=\"https:\/\/min-pan.krakow.pl\/dzialalnosc-naukowa\/wp-content\/uploads\/sites\/7\/2024\/09\/Recenzja_Naworyta-Wojciech.pdf\" target=\"_blank\" rel=\"noopener\">\u00a0<\/a><cite>Recenzja_Naworyta Wojciech<\/cite><\/p>\n<p class=\"downloadElemContainer2\"><a class=\"downloadElem pdf\" href=\"https:\/\/min-pan.krakow.pl\/dzialalnosc-naukowa\/wp-content\/uploads\/sites\/7\/2024\/09\/Recenzja_Turek-Marian.pdf\" target=\"_blank\" rel=\"noopener\">\u00a0<\/a><cite>Recenzja_Turek Marian<\/cite><\/p>\n<p class=\"downloadElemContainer2\">\n<p><\/p>","protected":false},"excerpt":{"rendered":"<p>Rozprawa doktorska\u00a0 \u00a0Metodyka oceny atrakcyjno\u015bci z\u0142o\u017ca i kwantyfikacja ryzyka w procesie eksploatacji_druk \u00a0Zawiadomienie o nadaniu stopnia doktora \u00a0Streszczenie_doktorat_Kulpa \u00a0Streszczenie_doktorat_Kulpa_en \u00a0Informacja o terminie i miejscu przeprowadzenia obrony rozprawy doktorskiej oraz o miejscu z\u0142o\u017ceniu rozprawy doktorskiej Recenzje rozprawy doktorskiej\u00a0 \u00a0Recenzja_Butra Jan \u00a0Recenzja_Naworyta Wojciech \u00a0Recenzja_Turek Marian<\/p>\n","protected":false},"author":12,"featured_media":0,"parent":996,"menu_order":12,"comment_status":"closed","ping_status":"closed","template":"templates\/template-theses2.php","meta":{"footnotes":""},"class_list":["post-1444","page","type-page","status-publish","hentry"],"_links":{"self":[{"href":"https:\/\/min-pan.krakow.pl\/dzialalnosc-naukowa\/wp-json\/wp\/v2\/pages\/1444","targetHints":{"allow":["GET"]}}],"collection":[{"href":"https:\/\/min-pan.krakow.pl\/dzialalnosc-naukowa\/wp-json\/wp\/v2\/pages"}],"about":[{"href":"https:\/\/min-pan.krakow.pl\/dzialalnosc-naukowa\/wp-json\/wp\/v2\/types\/page"}],"author":[{"embeddable":true,"href":"https:\/\/min-pan.krakow.pl\/dzialalnosc-naukowa\/wp-json\/wp\/v2\/users\/12"}],"replies":[{"embeddable":true,"href":"https:\/\/min-pan.krakow.pl\/dzialalnosc-naukowa\/wp-json\/wp\/v2\/comments?post=1444"}],"version-history":[{"count":4,"href":"https:\/\/min-pan.krakow.pl\/dzialalnosc-naukowa\/wp-json\/wp\/v2\/pages\/1444\/revisions"}],"predecessor-version":[{"id":1472,"href":"https:\/\/min-pan.krakow.pl\/dzialalnosc-naukowa\/wp-json\/wp\/v2\/pages\/1444\/revisions\/1472"}],"up":[{"embeddable":true,"href":"https:\/\/min-pan.krakow.pl\/dzialalnosc-naukowa\/wp-json\/wp\/v2\/pages\/996"}],"wp:attachment":[{"href":"https:\/\/min-pan.krakow.pl\/dzialalnosc-naukowa\/wp-json\/wp\/v2\/media?parent=1444"}],"curies":[{"name":"wp","href":"https:\/\/api.w.org\/{rel}","templated":true}]}}