{"id":1262,"date":"2023-03-15T09:37:29","date_gmt":"2023-03-15T08:37:29","guid":{"rendered":"https:\/\/min-pan.krakow.pl\/dzialalnosc-naukowa\/?page_id=1262"},"modified":"2025-04-30T10:10:34","modified_gmt":"2025-04-30T08:10:34","slug":"krakowska-interdyscyplinarna-szkola-doktorska-kisd","status":"publish","type":"page","link":"https:\/\/min-pan.krakow.pl\/dzialalnosc-naukowa\/krakowska-interdyscyplinarna-szkola-doktorska-kisd\/","title":{"rendered":"Krakowska Interdyscyplinarna Szko\u0142a Doktorska (KISD)"},"content":{"rendered":"<p><\/p>\n<h2>Krakowska Interdyscyplinarna Szko\u0142a Doktorska (KISD)<\/h2>\n<p><img loading=\"lazy\" decoding=\"async\" class=\"alignnone size-full wp-image-1337\" src=\"https:\/\/min-pan.krakow.pl\/dzialalnosc-naukowa\/wp-content\/uploads\/sites\/7\/2024\/05\/KISD.jpg\" alt=\"\" width=\"239\" height=\"182\" \/><\/p>\n<p>13 stycznia 2022 r. Instytut Gospodarki Surowcami Mineralnymi i Energi\u0105 Polskiej Akademii Nauk (IGSMiE PAN) przyst\u0105pi\u0142 do <strong>Krakowskiej Interdyscyplinarnej Szko\u0142y Doktorskiej (KISD)<\/strong>. KISD tworz\u0105 instytuty Polskiej Akademii Nauk oraz dwa wydzia\u0142y Akademii G\u00f3rniczo- Hutniczej im. Stanis\u0142awa Staszica w Krakowie:<\/p>\n<ul>\n<li>Instytut Fizyki J\u0105drowej im. Henryka Niewodnicza\u0144skiego PAN (jednostka koordynuj\u0105ca wsp\u00f3lne prowadzenie KISD),<\/li>\n<li>Instytut Katalizy i Fizykochemii Powierzchni im. Jerzego Habera PAN,<\/li>\n<li>Instytut Farmakologii im. Jerzego Maja PAN,<\/li>\n<li>Instytut Metalurgii i In\u017cynierii Materia\u0142owej im. Aleksandra Krupkowskiego PAN,<\/li>\n<li>Instytut Mechaniki G\u00f3rotworu Polskiej Akademii Nauk,<\/li>\n<li>Instytut Gospodarki Surowcami Mineralnymi i Energi\u0105 PAN,<\/li>\n<li>Wydzia\u0142 Fizyki i Informatyki Stosowanej AGH,<\/li>\n<li>Wydzia\u0142 In\u017cynierii Materia\u0142owej i Ceramiki AGH.<\/li>\n<\/ul>\n<p>Bie\u017c\u0105c\u0105 dzia\u0142alno\u015bci\u0105 KISD zarz\u0105dza i koordynuje Dyrektor Szko\u0142y Doktorskiej, a w ramach danej jednostki Zast\u0119pca Dyrektora Szko\u0142y Doktorskiej. Funkcjonowanie Szko\u0142y Doktorskiej w zakresie dydaktycznym i naukowym nadzoruje Rada Programowa KISD, kt\u00f3ra jest kolegialnym organem opiniotw\u00f3rczym.<\/p>\n<p>Instytut Gospodarki Surowcami Mineralnymi i Energi\u0105 PAN posiada uprawnienia do nadawania stopnia doktora w dziedzinie nauk in\u017cynieryjno-technicznych w <strong>dyscyplinie in\u017cynieria \u015brodowiska, g\u00f3rnictwo i energetyka<\/strong>.<\/p>\n<p>Cz\u0142onkami Rady Programowej z ramienia IGSMiE PAN s\u0105:<\/p>\n<ul>\n<li>dr hab. in\u017c. Magdalena Wdowin \u2013 Dyrektor IGSMiE PAN,<\/li>\n<li>dr in\u017c. Alicja Kot-Niewiadomska \u2013 Zast\u0119pca Dyrektora Szko\u0142y Doktorskiej w IGSMiE PAN,<\/li>\n<li>prof. dr hab. in\u017c. Eugeniusz Sobczyk \u2013 przedstawiciel Rady Naukowej IGSMiE PAN.<\/li>\n<\/ul>\n<p>Kszta\u0142cenie w KISD trwa od 6 do 8 semestr\u00f3w i ko\u0144czy si\u0119 z\u0142o\u017ceniem rozprawy doktorskiej. Jest ono prowadzone poprzez realizacj\u0119 indywidualnego programu badawczego i indywidualnego programu kszta\u0142cenia. Informacje dotycz\u0105ce trwaj\u0105cej rekrutacji (harmonogram, spos\u00f3b sk\u0142adania wniosk\u00f3w i tematy badawcze) s\u0105 dost\u0119pne na stronie internetowej KISD &#8211; <a href=\"https:\/\/kisd.ifj.edu.pl\">https:\/\/kisd.ifj.edu.pl<\/a>.<\/p>\n<p>&nbsp;<\/p>\n<p>&nbsp;<\/p>","protected":false},"excerpt":{"rendered":"<p>Krakowska Interdyscyplinarna Szko\u0142a Doktorska (KISD) 13 stycznia 2022 r. Instytut Gospodarki Surowcami Mineralnymi i Energi\u0105 Polskiej Akademii Nauk (IGSMiE PAN) przyst\u0105pi\u0142 do Krakowskiej Interdyscyplinarnej Szko\u0142y Doktorskiej (KISD). KISD tworz\u0105 instytuty Polskiej Akademii Nauk oraz dwa wydzia\u0142y Akademii G\u00f3rniczo- Hutniczej im. Stanis\u0142awa Staszica w Krakowie: Instytut Fizyki J\u0105drowej im. Henryka Niewodnicza\u0144skiego PAN (jednostka koordynuj\u0105ca wsp\u00f3lne prowadzenie [&hellip;]<\/p>\n","protected":false},"author":1,"featured_media":0,"parent":0,"menu_order":2,"comment_status":"closed","ping_status":"closed","template":"","meta":{"footnotes":""},"class_list":["post-1262","page","type-page","status-publish","hentry"],"_links":{"self":[{"href":"https:\/\/min-pan.krakow.pl\/dzialalnosc-naukowa\/wp-json\/wp\/v2\/pages\/1262","targetHints":{"allow":["GET"]}}],"collection":[{"href":"https:\/\/min-pan.krakow.pl\/dzialalnosc-naukowa\/wp-json\/wp\/v2\/pages"}],"about":[{"href":"https:\/\/min-pan.krakow.pl\/dzialalnosc-naukowa\/wp-json\/wp\/v2\/types\/page"}],"author":[{"embeddable":true,"href":"https:\/\/min-pan.krakow.pl\/dzialalnosc-naukowa\/wp-json\/wp\/v2\/users\/1"}],"replies":[{"embeddable":true,"href":"https:\/\/min-pan.krakow.pl\/dzialalnosc-naukowa\/wp-json\/wp\/v2\/comments?post=1262"}],"version-history":[{"count":16,"href":"https:\/\/min-pan.krakow.pl\/dzialalnosc-naukowa\/wp-json\/wp\/v2\/pages\/1262\/revisions"}],"predecessor-version":[{"id":1515,"href":"https:\/\/min-pan.krakow.pl\/dzialalnosc-naukowa\/wp-json\/wp\/v2\/pages\/1262\/revisions\/1515"}],"wp:attachment":[{"href":"https:\/\/min-pan.krakow.pl\/dzialalnosc-naukowa\/wp-json\/wp\/v2\/media?parent=1262"}],"curies":[{"name":"wp","href":"https:\/\/api.w.org\/{rel}","templated":true}]}}